CRAN Package Check Results for Package photobiologyInOut

Last updated on 2021-09-24 05:55:35 CEST.

Flavor Version Tinstall Tcheck Ttotal Status Flags
r-devel-linux-x86_64-debian-clang 0.4.22-1 5.88 101.83 107.71 NOTE
r-devel-linux-x86_64-debian-gcc 0.4.22-1 4.16 75.51 79.67 NOTE
r-devel-linux-x86_64-fedora-clang 0.4.22-1 134.65 NOTE
r-devel-linux-x86_64-fedora-gcc 0.4.22-1 111.27 NOTE
r-devel-windows-x86_64 0.4.22-1 7.00 91.00 98.00 NOTE
r-devel-windows-x86_64-gcc10-UCRT 0.4.22-1 NOTE
r-patched-linux-x86_64 0.4.22-1 6.17 93.78 99.95 NOTE
r-patched-solaris-x86 0.4.22-1 112.50 NOTE
r-release-linux-x86_64 0.4.22-1 4.68 94.39 99.07 NOTE
r-release-macos-arm64 0.4.22-1 NOTE
r-release-macos-x86_64 0.4.22-1 NOTE
r-release-windows-ix86+x86_64 0.4.22-1 12.00 91.00 103.00 NOTE
r-oldrel-macos-x86_64 0.4.22-1 OK
r-oldrel-windows-ix86+x86_64 0.4.22-1 9.00 89.00 98.00 OK

Check Details

Version: 0.4.22-1
Check: LazyData
Result: NOTE
     'LazyData' is specified without a 'data' directory
Flavors: r-devel-linux-x86_64-debian-clang, r-devel-linux-x86_64-debian-gcc, r-devel-linux-x86_64-fedora-clang, r-devel-linux-x86_64-fedora-gcc, r-devel-windows-x86_64, r-devel-windows-x86_64-gcc10-UCRT, r-patched-linux-x86_64, r-patched-solaris-x86, r-release-linux-x86_64, r-release-macos-arm64, r-release-macos-x86_64, r-release-windows-ix86+x86_64