CRAN Package Check Results for Package photosynthesis

Last updated on 2019-08-22 05:47:07 CEST.

Flavor Version Tinstall Tcheck Ttotal Status Flags
r-devel-linux-x86_64-debian-clang 1.0.0 4.10 110.45 114.55 NOTE
r-devel-linux-x86_64-debian-gcc 1.0.0 3.54 83.76 87.30 NOTE
r-devel-linux-x86_64-fedora-clang 1.0.0 129.36 NOTE
r-devel-linux-x86_64-fedora-gcc 1.0.0 130.43 NOTE
r-devel-windows-ix86+x86_64 1.0.0 9.00 0.00 9.00 FAIL
r-patched-linux-x86_64 1.0.0 4.29 110.23 114.52 OK
r-patched-solaris-x86 1.0.0 196.80 NOTE
r-release-linux-x86_64 1.0.0 3.85 111.45 115.30 OK
r-release-windows-ix86+x86_64 1.0.0 15.00 136.00 151.00 FAIL
r-release-osx-x86_64 1.0.0 NOTE
r-oldrel-windows-ix86+x86_64 1.0.0 8.00 146.00 154.00 OK
r-oldrel-osx-x86_64 1.0.0 NOTE

Check Details

Version: 1.0.0
Check: package vignettes
Result: NOTE
    Package vignette with placeholder title 'Vignette Title':
     'photosynthesis-introduction.Rmd'
Flavors: r-devel-linux-x86_64-debian-clang, r-devel-linux-x86_64-debian-gcc

Version: 1.0.0
Check: dependencies in R code
Result: NOTE
    Namespace in Imports field not imported from: ‘tidyr’
     All declared Imports should be used.
Flavors: r-devel-linux-x86_64-fedora-clang, r-devel-linux-x86_64-fedora-gcc, r-patched-solaris-x86, r-release-osx-x86_64, r-oldrel-osx-x86_64

Version: 1.0.0
Check: package dependencies
Result: FAIL
    Check process probably crashed or hung up for 20 minutes ... killed
    Most likely this happened in the example checks (?),
    if not, ignore the following last lines of example output:
    
    ======== End of example output (where/before crash/hang up occured ?) ========
Flavor: r-devel-windows-ix86+x86_64

Version: 1.0.0
Check: re-building of vignette outputs
Result: FAIL
    
Flavor: r-release-windows-ix86+x86_64