Last updated on 2019-12-14 05:47:38 CET.
Flavor | Version | Tinstall | Tcheck | Ttotal | Status | Flags |
---|---|---|---|---|---|---|
r-devel-linux-x86_64-debian-clang | 1.0.0 | 4.57 | 123.83 | 128.40 | NOTE | |
r-devel-linux-x86_64-debian-gcc | 1.0.0 | 4.11 | 93.28 | 97.39 | NOTE | |
r-devel-linux-x86_64-fedora-clang | 1.0.0 | 153.39 | NOTE | |||
r-devel-linux-x86_64-fedora-gcc | 1.0.0 | 145.20 | NOTE | |||
r-devel-windows-ix86+x86_64 | 1.0.0 | 12.00 | 152.00 | 164.00 | NOTE | |
r-devel-windows-ix86+x86_64-gcc8 | 1.0.0 | 16.00 | 158.00 | 174.00 | NOTE | |
r-patched-linux-x86_64 | 1.0.0 | 3.45 | 109.74 | 113.19 | OK | |
r-patched-solaris-x86 | 1.0.0 | 198.00 | NOTE | |||
r-release-linux-x86_64 | 1.0.0 | 4.24 | 112.22 | 116.46 | OK | |
r-release-windows-ix86+x86_64 | 1.0.0 | 9.00 | 114.00 | 123.00 | OK | |
r-release-osx-x86_64 | 1.0.0 | NOTE | ||||
r-oldrel-windows-ix86+x86_64 | 1.0.0 | 5.00 | 111.00 | 116.00 | OK | |
r-oldrel-osx-x86_64 | 1.0.0 | NOTE |
Version: 1.0.0
Check: package vignettes
Result: NOTE
Package vignette with placeholder title 'Vignette Title':
'photosynthesis-introduction.Rmd'
Flavors: r-devel-linux-x86_64-debian-clang, r-devel-linux-x86_64-debian-gcc, r-devel-windows-ix86+x86_64, r-devel-windows-ix86+x86_64-gcc8
Version: 1.0.0
Check: dependencies in R code
Result: NOTE
Namespace in Imports field not imported from: ‘tidyr’
All declared Imports should be used.
Flavors: r-devel-linux-x86_64-fedora-clang, r-devel-linux-x86_64-fedora-gcc, r-patched-solaris-x86, r-release-osx-x86_64, r-oldrel-osx-x86_64