CRAN Package Check Results for Package phylopath

Last updated on 2024-06-16 06:58:53 CEST.

Flavor Version Tinstall Tcheck Ttotal Status Flags
r-devel-linux-x86_64-debian-clang 1.3.0 5.04 117.56 122.60 OK
r-devel-linux-x86_64-debian-gcc 1.3.0 4.73 87.72 92.45 OK
r-devel-linux-x86_64-fedora-clang 1.3.0 149.97 OK
r-devel-linux-x86_64-fedora-gcc 1.3.0 163.37 OK
r-devel-windows-x86_64 1.3.0 7.00 90.00 97.00 ERROR
r-patched-linux-x86_64 1.3.0 13.07 109.66 122.73 OK
r-release-linux-x86_64 1.2.1 3.45 117.08 120.53 OK
r-release-macos-arm64 1.3.0 46.00 OK
r-release-macos-x86_64 1.3.0 116.00 OK
r-release-windows-x86_64 1.3.0 7.00 85.00 92.00 OK
r-oldrel-macos-arm64 1.3.0 59.00 OK
r-oldrel-macos-x86_64 1.3.0 111.00 OK
r-oldrel-windows-x86_64 1.3.0 8.00 95.00 103.00 OK

Check Details

Version: 1.3.0
Check: whether package can be installed
Result: ERROR Installation failed. Flavor: r-devel-windows-x86_64