CRAN Package Check Results for Package phyloregion

Last updated on 2021-09-27 05:51:32 CEST.

Flavor Version Tinstall Tcheck Ttotal Status Flags
r-devel-linux-x86_64-debian-clang 1.0.6 19.92 255.72 275.64 OK
r-devel-linux-x86_64-debian-gcc 1.0.6 16.97 189.95 206.92 OK
r-devel-linux-x86_64-fedora-clang 1.0.6 340.72 NOTE
r-devel-linux-x86_64-fedora-gcc 1.0.6 307.17 NOTE
r-devel-windows-x86_64 1.0.6 23.00 230.00 253.00 OK
r-devel-windows-x86_64-gcc10-UCRT 1.0.6 NOTE
r-patched-linux-x86_64 1.0.6 27.73 236.86 264.59 OK
r-patched-solaris-x86 1.0.6 382.60 NOTE
r-release-linux-x86_64 1.0.6 19.27 239.25 258.52 OK
r-release-macos-arm64 1.0.6 NOTE
r-release-macos-x86_64 1.0.6 NOTE
r-release-windows-ix86+x86_64 1.0.6 45.00 221.00 266.00 OK
r-oldrel-macos-x86_64 1.0.6 NOTE
r-oldrel-windows-ix86+x86_64 1.0.6 34.00 217.00 251.00 OK

Check Details

Version: 1.0.6
Check: dependencies in R code
Result: NOTE
    Namespace in Imports field not imported from: ‘rgdal’
     All declared Imports should be used.
Flavors: r-devel-linux-x86_64-fedora-clang, r-devel-linux-x86_64-fedora-gcc, r-devel-windows-x86_64-gcc10-UCRT, r-patched-solaris-x86, r-release-macos-arm64, r-release-macos-x86_64, r-oldrel-macos-x86_64

Version: 1.0.6
Check: Rd cross-references
Result: NOTE
    Undeclared package ‘picante’ in Rd xrefs
Flavor: r-devel-linux-x86_64-fedora-clang