CRAN Package Check Results for Package pipefittr

Last updated on 2024-06-22 06:50:56 CEST.

Flavor Version Tinstall Tcheck Ttotal Status Flags
r-devel-linux-x86_64-debian-clang 0.1.2 3.94 41.32 45.26 NOTE
r-devel-linux-x86_64-debian-gcc 0.1.2 3.53 31.58 35.11 NOTE
r-devel-linux-x86_64-fedora-clang 0.1.2 57.11 NOTE
r-devel-linux-x86_64-fedora-gcc 0.1.2 55.17 NOTE
r-devel-windows-x86_64 0.1.2 6.00 51.00 57.00 NOTE
r-patched-linux-x86_64 0.1.2 4.25 38.80 43.05 NOTE
r-release-linux-x86_64 0.1.2 4.46 39.42 43.88 NOTE
r-release-macos-arm64 0.1.2 20.00 NOTE
r-release-macos-x86_64 0.1.2 31.00 NOTE
r-release-windows-x86_64 0.1.2 6.00 53.00 59.00 NOTE
r-oldrel-macos-arm64 0.1.2 21.00 NOTE
r-oldrel-macos-x86_64 0.1.2 31.00 NOTE
r-oldrel-windows-x86_64 0.1.2 7.00 56.00 63.00 NOTE

Check Details

Version: 0.1.2
Check: LazyData
Result: NOTE 'LazyData' is specified without a 'data' directory Flavors: r-devel-linux-x86_64-debian-clang, r-devel-linux-x86_64-debian-gcc, r-devel-linux-x86_64-fedora-clang, r-devel-linux-x86_64-fedora-gcc, r-devel-windows-x86_64, r-patched-linux-x86_64, r-release-linux-x86_64, r-release-macos-arm64, r-release-macos-x86_64, r-release-windows-x86_64, r-oldrel-macos-arm64, r-oldrel-macos-x86_64, r-oldrel-windows-x86_64