CRAN Package Check Results for Package pivottabler

Last updated on 2021-06-18 05:48:54 CEST.

Flavor Version Tinstall Tcheck Ttotal Status Flags
r-devel-linux-x86_64-debian-clang 1.5.2 38.70 218.26 256.96 OK
r-devel-linux-x86_64-debian-gcc 1.5.2 30.79 153.02 183.81 OK
r-devel-linux-x86_64-fedora-clang 1.5.2 300.93 OK
r-devel-linux-x86_64-fedora-gcc 1.5.2 258.19 OK
r-devel-windows-x86_64 1.5.2 57.00 251.00 308.00 OK
r-devel-windows-x86_64-gcc10-UCRT 1.5.2 OK
r-patched-linux-x86_64 1.5.2 44.80 200.36 245.16 OK
r-patched-solaris-x86 1.5.2 363.70 OK
r-release-linux-x86_64 1.5.2 37.03 198.88 235.91 OK
r-release-macos-arm64 1.5.2 NOTE
r-release-macos-x86_64 1.5.2 OK
r-release-windows-ix86+x86_64 1.5.2 62.00 244.00 306.00 OK
r-oldrel-macos-x86_64 1.5.2 OK
r-oldrel-windows-ix86+x86_64 1.5.2 49.00 261.00 310.00 OK

Check Details

Version: 1.5.2
Check: installed package size
Result: NOTE
     installed size is 5.2Mb
     sub-directories of 1Mb or more:
     R 2.0Mb
     data 2.0Mb
Flavor: r-release-macos-arm64