Last updated on 2023-02-09 05:54:18 CET.
Flavor | Version | Tinstall | Tcheck | Ttotal | Status | Flags |
---|---|---|---|---|---|---|
r-devel-linux-x86_64-debian-clang | 0.4.0 | 6.80 | 62.96 | 69.76 | OK | |
r-devel-linux-x86_64-debian-gcc | 0.4.0 | 5.18 | 46.87 | 52.05 | OK | |
r-devel-linux-x86_64-fedora-clang | 0.4.0 | 91.12 | OK | |||
r-devel-linux-x86_64-fedora-gcc | 0.4.0 | 95.90 | OK | |||
r-devel-windows-x86_64 | 0.4.0 | 35.00 | 99.00 | 134.00 | OK | |
r-patched-linux-x86_64 | 0.4.0 | 7.48 | 62.33 | 69.81 | OK | |
r-release-linux-x86_64 | 0.4.0 | 5.68 | 60.04 | 65.72 | OK | |
r-release-macos-arm64 | 0.4.0 | 32.00 | OK | |||
r-release-macos-x86_64 | 0.4.0 | 41.00 | OK | |||
r-release-windows-x86_64 | 0.4.0 | 30.00 | 104.00 | 134.00 | OK | |
r-oldrel-macos-arm64 | 0.4.0 | 33.00 | OK | |||
r-oldrel-macos-x86_64 | 0.4.0 | 44.00 | OK | |||
r-oldrel-windows-ix86+x86_64 | 0.4.0 | 16.00 | 98.00 | 114.00 | WARN |
Version: 0.4.0
Check: for unstated dependencies in ‘tests’
Result: WARN
Warning: unable to access index for repository https://bioconductor.org/packages/3.14/bioc/src/contrib:
cannot open URL 'https://bioconductor.org/packages/3.14/bioc/src/contrib/PACKAGES'
Warning: unable to access index for repository https://bioconductor.org/packages/3.14/data/annotation/src/contrib:
cannot open URL 'https://bioconductor.org/packages/3.14/data/annotation/src/contrib/PACKAGES'
Warning: unable to access index for repository https://bioconductor.org/packages/3.14/data/experiment/src/contrib:
cannot open URL 'https://bioconductor.org/packages/3.14/data/experiment/src/contrib/PACKAGES'
Flavor: r-oldrel-windows-ix86+x86_64