CRAN Package Check Results for Package pixiedust

Last updated on 2022-12-08 06:56:49 CET.

Flavor Version Tinstall Tcheck Ttotal Status Flags
r-devel-linux-x86_64-debian-clang 0.9.1 8.82 99.22 108.04 NOTE
r-devel-linux-x86_64-debian-gcc 0.9.1 6.73 87.99 94.72 NOTE
r-devel-linux-x86_64-fedora-clang 0.9.1 144.14 NOTE
r-devel-linux-x86_64-fedora-gcc 0.9.1 152.14 NOTE
r-devel-windows-x86_64 0.9.1 87.00 185.00 272.00 NOTE
r-patched-linux-x86_64 0.9.1 8.36 91.82 100.18 NOTE
r-release-linux-x86_64 0.9.1 5.46 86.45 91.91 NOTE
r-release-macos-arm64 0.9.1 37.00 NOTE
r-release-macos-x86_64 0.9.1 68.00 NOTE
r-release-windows-x86_64 0.9.1 53.00 131.00 184.00 NOTE
r-oldrel-macos-arm64 0.9.1 41.00 NOTE
r-oldrel-macos-x86_64 0.9.1 71.00 NOTE
r-oldrel-windows-ix86+x86_64 0.9.1 15.00 120.00 135.00 NOTE

Check Details

Version: 0.9.1
Check: Rd files
Result: NOTE
    checkRd: (-1) sanitize_latex.Rd:49: Escaped LaTeX specials: \$
Flavors: r-devel-linux-x86_64-debian-clang, r-devel-linux-x86_64-debian-gcc, r-devel-linux-x86_64-fedora-clang, r-devel-linux-x86_64-fedora-gcc, r-devel-windows-x86_64

Version: 0.9.1
Check: LazyData
Result: NOTE
     'LazyData' is specified without a 'data' directory
Flavors: r-devel-linux-x86_64-debian-clang, r-devel-linux-x86_64-debian-gcc, r-devel-linux-x86_64-fedora-clang, r-devel-linux-x86_64-fedora-gcc, r-devel-windows-x86_64, r-patched-linux-x86_64, r-release-linux-x86_64, r-release-macos-arm64, r-release-macos-x86_64, r-release-windows-x86_64, r-oldrel-macos-arm64, r-oldrel-macos-x86_64, r-oldrel-windows-ix86+x86_64

Version: 0.9.1
Check: Rd cross-references
Result: NOTE
    Undeclared package ‘Hmisc’ in Rd xrefs
Flavor: r-devel-linux-x86_64-fedora-clang