CRAN Package Check Results for Package pkgmaker

Last updated on 2019-12-09 05:47:22 CET.

Flavor Version Tinstall Tcheck Ttotal Status Flags
r-devel-linux-x86_64-debian-clang 0.27 9.95 56.40 66.35 NOTE
r-devel-linux-x86_64-debian-gcc 0.27 7.52 44.07 51.59 NOTE
r-devel-linux-x86_64-fedora-clang 0.27 78.37 NOTE
r-devel-linux-x86_64-fedora-gcc 0.27 71.91 NOTE
r-devel-windows-ix86+x86_64 0.27 15.00 106.00 121.00 OK
r-devel-windows-ix86+x86_64-gcc8 0.27 16.00 101.00 117.00 OK
r-patched-linux-x86_64 0.27 8.32 50.48 58.80 OK
r-patched-solaris-x86 0.27 96.50 NOTE
r-release-linux-x86_64 0.27 9.00 50.26 59.26 OK
r-release-windows-ix86+x86_64 0.27 18.00 68.00 86.00 OK
r-release-osx-x86_64 0.27 NOTE
r-oldrel-windows-ix86+x86_64 0.27 12.00 84.00 96.00 OK
r-oldrel-osx-x86_64 0.27 NOTE

Check Details

Version: 0.27
Check: for non-standard things in the check directory
Result: NOTE
    Found the following files/directories:
     'file61f33c85eb40.md'
Flavor: r-devel-linux-x86_64-debian-clang

Version: 0.27
Check: for non-standard things in the check directory
Result: NOTE
    Found the following files/directories:
     ‘file218b31ed9ca2.md’
Flavor: r-devel-linux-x86_64-debian-gcc

Version: 0.27
Check: dependencies in R code
Result: NOTE
    Namespaces in Imports field not imported from:
     ‘magrittr’ ‘stringi’
     All declared Imports should be used.
Flavors: r-devel-linux-x86_64-fedora-clang, r-devel-linux-x86_64-fedora-gcc, r-patched-solaris-x86, r-release-osx-x86_64, r-oldrel-osx-x86_64

Version: 0.27
Check: for non-standard things in the check directory
Result: NOTE
    Found the following files/directories:
     ‘file97995b9703d8.md’
Flavor: r-devel-linux-x86_64-fedora-clang

Version: 0.27
Check: for non-standard things in the check directory
Result: NOTE
    Found the following files/directories:
     ‘file93f04b241966.md’
Flavor: r-devel-linux-x86_64-fedora-gcc

Version: 0.27
Check: package dependencies
Result: NOTE
    Package suggested but not available for checking: ‘Biobase’
Flavor: r-release-osx-x86_64