CRAN Package Check Results for Package pkgmaker

Last updated on 2019-08-19 05:46:30 CEST.

Flavor Version Tinstall Tcheck Ttotal Status Flags
r-devel-linux-x86_64-debian-clang 0.27 9.80 50.35 60.15 NOTE
r-devel-linux-x86_64-debian-gcc 0.27 7.23 39.62 46.85 NOTE
r-devel-linux-x86_64-fedora-clang 0.27 68.74 NOTE
r-devel-linux-x86_64-fedora-gcc 0.27 69.01 NOTE
r-devel-windows-ix86+x86_64 0.27 19.00 78.00 97.00 OK
r-patched-linux-x86_64 0.27 8.92 50.15 59.07 OK
r-patched-solaris-x86 0.27 102.00 NOTE
r-release-linux-x86_64 0.27 7.43 50.00 57.43 OK
r-release-windows-ix86+x86_64 0.27 11.00 69.00 80.00 OK
r-release-osx-x86_64 0.27 NOTE
r-oldrel-windows-ix86+x86_64 0.27 19.00 114.00 133.00 OK
r-oldrel-osx-x86_64 0.27 NOTE

Check Details

Version: 0.27
Check: for non-standard things in the check directory
Result: NOTE
    Found the following files/directories:
     'file377a3b256bf3.md'
Flavor: r-devel-linux-x86_64-debian-clang

Version: 0.27
Check: for non-standard things in the check directory
Result: NOTE
    Found the following files/directories:
     ‘file5d6b2629846c.md’
Flavor: r-devel-linux-x86_64-debian-gcc

Version: 0.27
Check: dependencies in R code
Result: NOTE
    Namespaces in Imports field not imported from:
     ‘magrittr’ ‘stringi’
     All declared Imports should be used.
Flavors: r-devel-linux-x86_64-fedora-clang, r-devel-linux-x86_64-fedora-gcc, r-patched-solaris-x86, r-release-osx-x86_64, r-oldrel-osx-x86_64

Version: 0.27
Check: for non-standard things in the check directory
Result: NOTE
    Found the following files/directories:
     ‘filea650780e2728.md’
Flavor: r-devel-linux-x86_64-fedora-clang

Version: 0.27
Check: for non-standard things in the check directory
Result: NOTE
    Found the following files/directories:
     ‘file92a3472717b1.md’
Flavor: r-devel-linux-x86_64-fedora-gcc

Version: 0.27
Check: package dependencies
Result: NOTE
    Package suggested but not available for checking: ‘Biobase’
Flavor: r-release-osx-x86_64