CRAN Package Check Results for Package pkgnet

Last updated on 2021-12-01 05:59:34 CET.

Flavor Version Tinstall Tcheck Ttotal Status Flags
r-devel-linux-x86_64-debian-clang 0.4.1 12.05 48.35 60.40 NOTE
r-devel-linux-x86_64-debian-gcc 0.4.1 9.20 40.08 49.28 NOTE
r-devel-linux-x86_64-fedora-clang 0.4.1 83.35 NOTE
r-devel-linux-x86_64-fedora-gcc 0.4.1 72.08 NOTE
r-devel-windows-x86_64-new-UL 0.4.1 21.00 88.00 109.00 NOTE
r-devel-windows-x86_64-new-TK 0.1 NOTE
r-devel-windows-x86_64-old 0.4.1 18.00 54.00 72.00 NOTE
r-patched-linux-x86_64 0.4.1 11.48 45.10 56.58 NOTE
r-patched-solaris-x86 0.4.1 113.00 NOTE
r-release-linux-x86_64 0.4.1 11.32 45.54 56.86 NOTE
r-release-macos-arm64 0.4.1 NOTE
r-release-macos-x86_64 0.4.1 NOTE
r-release-windows-ix86+x86_64 0.4.1 20.00 49.00 69.00 NOTE
r-oldrel-macos-x86_64 0.4.1 OK
r-oldrel-windows-ix86+x86_64 0.4.1 13.00 56.00 69.00 OK

Check Details

Version: 0.4.1
Check: LazyData
Result: NOTE
     'LazyData' is specified without a 'data' directory
Flavors: r-devel-linux-x86_64-debian-clang, r-devel-linux-x86_64-debian-gcc, r-devel-linux-x86_64-fedora-clang, r-devel-linux-x86_64-fedora-gcc, r-devel-windows-x86_64-new-UL, r-devel-windows-x86_64-new-TK, r-devel-windows-x86_64-old, r-patched-linux-x86_64, r-patched-solaris-x86, r-release-linux-x86_64, r-release-macos-arm64, r-release-macos-x86_64, r-release-windows-ix86+x86_64

Version: 0.4.1
Check: Rd cross-references
Result: NOTE
    Undeclared packages ‘pkgdown’, ‘htmlwidgets’ in Rd xrefs
Flavor: r-devel-linux-x86_64-fedora-clang