CRAN Package Check Results for Package pkgstats

Last updated on 2022-11-27 05:51:39 CET.

Flavor Version Tinstall Tcheck Ttotal Status Flags
r-devel-linux-x86_64-debian-clang 0.1.1 12.09 51.11 63.20 OK
r-devel-linux-x86_64-debian-gcc 0.1.1 9.84 38.51 48.35 OK
r-devel-linux-x86_64-fedora-clang 0.1.1 94.87 OK
r-devel-linux-x86_64-fedora-gcc 0.1.1 87.09 OK
r-devel-windows-x86_64 0.1.1 40.00 106.00 146.00 NOTE
r-patched-linux-x86_64 0.1.1 10.73 48.18 58.91 OK
r-release-linux-x86_64 0.1.1 11.20 47.53 58.73 OK
r-release-macos-arm64 0.1.1 31.00 NOTE
r-release-macos-x86_64 0.1.1 44.00 NOTE
r-release-windows-x86_64 0.1.1 59.00 111.00 170.00 NOTE
r-oldrel-macos-arm64 0.1.1 25.00 NOTE
r-oldrel-macos-x86_64 0.1.1 45.00 NOTE
r-oldrel-windows-ix86+x86_64 0.1.1 35.00 100.00 135.00 NOTE

Check Details

Version: 0.1.1
Check: installed package size
Result: NOTE
     installed size is 11.1Mb
     sub-directories of 1Mb or more:
     bin 8.6Mb
     doc 1.3Mb
Flavors: r-devel-windows-x86_64, r-release-macos-arm64, r-release-macos-x86_64, r-release-windows-x86_64, r-oldrel-macos-arm64, r-oldrel-macos-x86_64, r-oldrel-windows-ix86+x86_64