CRAN Package Check Results for Package planar

Last updated on 2021-04-10 05:48:44 CEST.

Flavor Version Tinstall Tcheck Ttotal Status Flags
r-devel-linux-x86_64-debian-clang 1.6 120.25 77.71 197.96 OK
r-devel-linux-x86_64-debian-gcc 1.6 82.80 57.77 140.57 OK
r-devel-linux-x86_64-fedora-clang 1.6 288.02 NOTE
r-devel-linux-x86_64-fedora-gcc 1.6 244.17 NOTE
r-devel-windows-ix86+x86_64 1.6 200.00 99.00 299.00 OK
r-devel-windows-x86_64-gcc10-UCRT 1.6 OK
r-patched-linux-x86_64 1.6 99.04 72.00 171.04 OK
r-patched-solaris-x86 1.6 256.00 OK
r-release-linux-x86_64 1.6 OK
r-release-macos-x86_64 1.6 NOTE
r-release-windows-ix86+x86_64 1.6 261.00 138.00 399.00 OK
r-oldrel-macos-x86_64 1.6 NOTE
r-oldrel-windows-ix86+x86_64 1.6 237.00 96.00 333.00 OK

Check Details

Version: 1.6
Check: installed package size
Result: NOTE
     installed size is 5.7Mb
     sub-directories of 1Mb or more:
     libs 5.1Mb
Flavors: r-devel-linux-x86_64-fedora-clang, r-release-macos-x86_64, r-oldrel-macos-x86_64

Version: 1.6
Check: compiled code
Result: NOTE
    File ‘planar/libs/planar.so’:
     Found no calls to: ‘R_registerRoutines’, ‘R_useDynamicSymbols’
    
    It is good practice to register native routines and to disable symbol
    search.
    
    See ‘Writing portable packages’ in the ‘Writing R Extensions’ manual.
Flavors: r-devel-linux-x86_64-fedora-clang, r-devel-linux-x86_64-fedora-gcc