CRAN Package Check Results for Package plot3Drgl

Last updated on 2020-05-30 05:48:12 CEST.

Flavor Version Tinstall Tcheck Ttotal Status Flags
r-devel-linux-x86_64-debian-clang 1.0.1 5.47 61.01 66.48 OK
r-devel-linux-x86_64-debian-gcc 1.0.1 4.46 47.40 51.86 OK
r-devel-linux-x86_64-fedora-clang 1.0.1 81.74 OK
r-devel-linux-x86_64-fedora-gcc 1.0.1 81.41 OK
r-devel-windows-ix86+x86_64 1.0.1 16.00 105.00 121.00 OK
r-patched-linux-x86_64 1.0.1 5.86 60.20 66.06 OK
r-patched-solaris-x86 1.0.1 97.50 OK
r-release-linux-x86_64 1.0.1 5.67 60.12 65.79 OK
r-release-osx-x86_64 1.0.1 OK
r-release-windows-ix86+x86_64 1.0.1 12.00 118.00 130.00 OK
r-oldrel-osx-x86_64 1.0.1 WARN
r-oldrel-windows-ix86+x86_64 1.0.1 10.00 82.00 92.00 OK

Check Details

Version: 1.0.1
Check: whether package can be installed
Result: WARN
    Found the following significant warnings:
     Warning: 'rgl_init' failed, running with rgl.useNULL = TRUE
Flavor: r-oldrel-osx-x86_64