CRAN Package Check Results for Package plot3Drgl

Last updated on 2019-10-17 05:47:13 CEST.

Flavor Version Tinstall Tcheck Ttotal Status Flags
r-devel-linux-x86_64-debian-clang 1.0.1 5.50 55.08 60.58 OK
r-devel-linux-x86_64-debian-gcc 1.0.1 3.82 42.44 46.26 OK
r-devel-linux-x86_64-fedora-clang 1.0.1 75.72 OK
r-devel-linux-x86_64-fedora-gcc 1.0.1 74.91 OK
r-devel-windows-ix86+x86_64 1.0.1 20.00 77.00 97.00 OK
r-patched-linux-x86_64 1.0.1 4.75 54.02 58.77 OK
r-patched-solaris-x86 1.0.1 89.40 OK
r-release-linux-x86_64 1.0.1 4.34 54.81 59.15 OK
r-release-windows-ix86+x86_64 1.0.1 12.00 120.00 132.00 OK
r-release-osx-x86_64 1.0.1 WARN
r-oldrel-windows-ix86+x86_64 1.0.1 6.00 79.00 85.00 OK
r-oldrel-osx-x86_64 1.0.1 OK

Check Details

Version: 1.0.1
Check: whether package can be installed
Result: WARN
    Found the following significant warnings:
     Warning: 'rgl_init' failed, running with rgl.useNULL = TRUE
Flavor: r-release-osx-x86_64