CRAN Package Check Results for Package plotluck

Last updated on 2021-12-05 05:52:55 CET.

Flavor Version Tinstall Tcheck Ttotal Status Flags
r-devel-linux-x86_64-debian-clang 1.1.1 8.86 186.56 195.42 NOTE
r-devel-linux-x86_64-debian-gcc 1.1.1 6.41 136.67 143.08 NOTE
r-devel-linux-x86_64-fedora-clang 1.1.1 226.05 NOTE
r-devel-linux-x86_64-fedora-gcc 1.1.1 212.06 NOTE
r-devel-windows-x86_64-new-UL 1.1.1 16.00 232.00 248.00 NOTE
r-devel-windows-x86_64-new-TK 1.1.1 NOTE
r-devel-windows-x86_64-old 1.1.1 24.00 164.00 188.00 NOTE
r-patched-linux-x86_64 1.1.1 7.38 161.01 168.39 NOTE
r-release-linux-x86_64 1.1.1 6.49 170.73 177.22 NOTE
r-release-macos-arm64 1.1.1 NOTE
r-release-macos-x86_64 1.1.1 NOTE
r-release-windows-ix86+x86_64 1.1.1 20.00 197.00 217.00 NOTE
r-oldrel-macos-x86_64 1.1.1 NOTE
r-oldrel-windows-ix86+x86_64 1.1.1 20.00 208.00 228.00 OK

Check Details

Version: 1.1.1
Check: LazyData
Result: NOTE
     'LazyData' is specified without a 'data' directory
Flavors: r-devel-linux-x86_64-debian-clang, r-devel-linux-x86_64-debian-gcc, r-devel-linux-x86_64-fedora-clang, r-devel-linux-x86_64-fedora-gcc, r-devel-windows-x86_64-new-UL, r-devel-windows-x86_64-new-TK, r-devel-windows-x86_64-old, r-patched-linux-x86_64, r-release-linux-x86_64, r-release-macos-arm64, r-release-macos-x86_64, r-release-windows-ix86+x86_64

Version: 1.1.1
Check: dependencies in R code
Result: NOTE
    Namespaces in Imports field not imported from:
     ‘hexbin’ ‘quantreg’
     All declared Imports should be used.
Flavors: r-devel-linux-x86_64-fedora-clang, r-devel-linux-x86_64-fedora-gcc, r-devel-windows-x86_64-new-TK, r-release-macos-arm64, r-release-macos-x86_64, r-oldrel-macos-x86_64