CRAN Package Check Results for Package plotluck

Last updated on 2019-12-15 05:47:49 CET.

Flavor Version Tinstall Tcheck Ttotal Status Flags
r-devel-linux-x86_64-debian-clang 1.1.1 5.94 159.38 165.32 OK
r-devel-linux-x86_64-debian-gcc 1.1.1 5.58 118.34 123.92 OK
r-devel-linux-x86_64-fedora-clang 1.1.1 198.49 NOTE
r-devel-linux-x86_64-fedora-gcc 1.1.1 198.64 NOTE
r-devel-windows-ix86+x86_64 1.1.1 18.00 211.00 229.00 OK
r-devel-windows-ix86+x86_64-gcc8 1.1.1 23.00 219.00 242.00 OK
r-patched-linux-x86_64 1.1.1 5.18 146.00 151.18 OK
r-patched-solaris-x86 1.1.1 247.00 NOTE
r-release-linux-x86_64 1.1.1 5.67 143.24 148.91 OK
r-release-windows-ix86+x86_64 1.1.1 10.00 153.00 163.00 OK
r-release-osx-x86_64 1.1.1 NOTE
r-oldrel-windows-ix86+x86_64 1.1.1 7.00 154.00 161.00 OK
r-oldrel-osx-x86_64 1.1.1 NOTE

Check Details

Version: 1.1.1
Check: dependencies in R code
Result: NOTE
    Namespaces in Imports field not imported from:
     ‘hexbin’ ‘quantreg’
     All declared Imports should be used.
Flavors: r-devel-linux-x86_64-fedora-clang, r-devel-linux-x86_64-fedora-gcc, r-patched-solaris-x86, r-release-osx-x86_64, r-oldrel-osx-x86_64