CRAN Package Check Results for Package plotrr

Last updated on 2020-01-17 05:47:21 CET.

Flavor Version Tinstall Tcheck Ttotal Status Flags
r-devel-linux-x86_64-debian-clang 1.0.0 2.15 41.93 44.08 OK
r-devel-linux-x86_64-debian-gcc 1.0.0 1.98 32.18 34.16 OK
r-devel-linux-x86_64-fedora-clang 1.0.0 51.65 NOTE
r-devel-linux-x86_64-fedora-gcc 1.0.0 51.08 NOTE
r-devel-windows-ix86+x86_64 1.0.0 11.00 73.00 84.00 OK
r-devel-windows-ix86+x86_64-gcc8 1.0.0 7.00 68.00 75.00 OK
r-patched-linux-x86_64 1.0.0 1.83 37.77 39.60 OK
r-patched-solaris-x86 1.0.0 68.40 NOTE
r-release-linux-x86_64 1.0.0 1.78 37.43 39.21 OK
r-release-windows-ix86+x86_64 1.0.0 7.00 54.00 61.00 OK
r-release-osx-x86_64 1.0.0 NOTE
r-oldrel-windows-ix86+x86_64 1.0.0 4.00 47.00 51.00 OK
r-oldrel-osx-x86_64 1.0.0 NOTE

Check Details

Version: 1.0.0
Check: dependencies in R code
Result: NOTE
    Namespaces in Imports field not imported from:
     ‘dplyr’ ‘stats’
     All declared Imports should be used.
Flavors: r-devel-linux-x86_64-fedora-clang, r-devel-linux-x86_64-fedora-gcc, r-patched-solaris-x86, r-release-osx-x86_64, r-oldrel-osx-x86_64