CRAN Package Check Results for Package plotrr

Last updated on 2019-08-25 05:46:55 CEST.

Flavor Version Tinstall Tcheck Ttotal Status Flags
r-devel-linux-x86_64-debian-clang 1.0.0 1.95 39.01 40.96 OK
r-devel-linux-x86_64-debian-gcc 1.0.0 1.83 30.65 32.48 OK
r-devel-linux-x86_64-fedora-clang 1.0.0 47.99 NOTE
r-devel-linux-x86_64-fedora-gcc 1.0.0 47.76 NOTE
r-devel-windows-ix86+x86_64 1.0.0 6.00 49.00 55.00 OK
r-patched-linux-x86_64 1.0.0 1.46 38.59 40.05 OK
r-patched-solaris-x86 1.0.0 70.90 NOTE
r-release-linux-x86_64 1.0.0 1.94 38.30 40.24 OK
r-release-windows-ix86+x86_64 1.0.0 10.00 67.00 77.00 OK
r-release-osx-x86_64 1.0.0 NOTE
r-oldrel-windows-ix86+x86_64 1.0.0 4.00 77.00 81.00 OK
r-oldrel-osx-x86_64 1.0.0 NOTE

Check Details

Version: 1.0.0
Check: dependencies in R code
Result: NOTE
    Namespaces in Imports field not imported from:
     ‘dplyr’ ‘stats’
     All declared Imports should be used.
Flavors: r-devel-linux-x86_64-fedora-clang, r-devel-linux-x86_64-fedora-gcc, r-patched-solaris-x86, r-release-osx-x86_64, r-oldrel-osx-x86_64