CRAN Package Check Results for Package plsRcox

Last updated on 2021-07-23 05:52:01 CEST.

Flavor Version Tinstall Tcheck Ttotal Status Flags
r-devel-linux-x86_64-debian-clang 1.7.6 30.23 254.89 285.12 OK
r-devel-linux-x86_64-debian-gcc 1.7.6 24.29 184.05 208.34 OK
r-devel-linux-x86_64-fedora-clang 1.7.6 346.64 OK
r-devel-linux-x86_64-fedora-gcc 1.7.6 339.65 OK
r-devel-windows-x86_64 1.7.6 36.00 221.00 257.00 OK
r-devel-windows-x86_64-gcc10-UCRT 1.7.6 OK
r-patched-linux-x86_64 1.7.6 29.54 237.82 267.36 OK
r-patched-solaris-x86 1.7.6 415.50 OK
r-release-linux-x86_64 1.7.6 26.70 237.14 263.84 OK
r-release-macos-arm64 1.7.6 ERROR
r-release-macos-x86_64 1.7.6 OK
r-release-windows-ix86+x86_64 1.7.6 64.00 215.00 279.00 OK
r-oldrel-macos-x86_64 1.7.6 OK
r-oldrel-windows-ix86+x86_64 1.7.6 65.00 293.00 358.00 OK

Check Details

Version: 1.7.6
Check: package dependencies
Result: ERROR
    Packages required but not available: 'mixOmics', 'survcomp'
    
    See section ‘The DESCRIPTION file’ in the ‘Writing R Extensions’
    manual.
Flavor: r-release-macos-arm64