CRAN Package Check Results for Package pmc

Last updated on 2019-08-23 05:47:02 CEST.

Flavor Version Tinstall Tcheck Ttotal Status Flags
r-devel-linux-x86_64-debian-clang 1.0.3 5.28 175.41 180.69 OK --no-vignettes
r-devel-linux-x86_64-debian-gcc 1.0.3 4.27 130.50 134.77 OK --no-vignettes
r-devel-linux-x86_64-fedora-clang 1.0.3 1121.32 OK
r-devel-linux-x86_64-fedora-gcc 1.0.3 1184.06 OK
r-devel-windows-ix86+x86_64 1.0.3 22.00 166.00 188.00 OK --no-vignettes
r-patched-linux-x86_64 1.0.3 4.87 161.07 165.94 OK --no-vignettes
r-patched-solaris-x86 1.0.3 1405.60 OK
r-release-linux-x86_64 1.0.3 4.33 156.75 161.08 OK --no-vignettes
r-release-windows-ix86+x86_64 1.0.3 18.00 231.00 249.00 OK --no-vignettes
r-release-osx-x86_64 1.0.3 FAIL
r-oldrel-windows-ix86+x86_64 1.0.3 10.00 212.00 222.00 OK --no-vignettes
r-oldrel-osx-x86_64 1.0.3 OK

Check Details

Version: 1.0.3
Check: re-building of vignette outputs
Result: WARN
    Error(s) in re-building vignettes:
    --- re-building ‘pmc_tutorial.Rmd’ using rmarkdown
    Warning in engine$weave(file, quiet = quiet, encoding = enc) :
     Pandoc (>= 1.12.3) and/or pandoc-citeproc not available. Falling back to R Markdown v1.
    Loading required package: ape
    Loading required package: subplex
    
    Attaching package: 'dplyr'
    
    The following objects are masked from 'package:stats':
    
     filter, lag
    
    The following objects are masked from 'package:base':
    
     intersect, setdiff, setequal, union
    
    
    Attaching package: 'gridExtra'
    
    The following object is masked from 'package:dplyr':
    
     combine
    
    Warning in fitContinuous(phy = att$cache$phy, model = att$model, ..., ncores = 1) :
     Parameter estimates appear at bounds:
     lambda
    Warning in fitContinuous(phy = att$cache$phy, model = att$model, ..., ncores = 1) :
     Parameter estimates appear at bounds:
     lambda
    Warning in fitContinuous(phy = att$cache$phy, model = att$model, ..., ncores = 1) :
     Parameter estimates appear at bounds:
     lambda
    Warning in fitContinuous(phy = att$cache$phy, model = att$model, ..., ncores = 1) :
     Parameter estimates appear at bounds:
     lambda
    
    Execution halted
Flavor: r-release-osx-x86_64

Version: 1.0.3
Check: PDF version of manual
Result: FAIL
    
Flavor: r-release-osx-x86_64