CRAN Package Check Results for Package pointblank

Last updated on 2024-10-11 06:49:22 CEST.

Flavor Version Tinstall Tcheck Ttotal Status Flags
r-devel-linux-x86_64-debian-clang 0.12.1 25.26 212.04 237.30 OK
r-devel-linux-x86_64-debian-gcc 0.12.1 14.49 135.09 149.58 OK
r-devel-linux-x86_64-fedora-clang 0.12.1 409.32 NOTE
r-devel-linux-x86_64-fedora-gcc 0.12.1 343.95 NOTE
r-devel-windows-x86_64 0.12.1 26.00 233.00 259.00 OK
r-patched-linux-x86_64 0.12.1 30.79 196.26 227.05 OK
r-release-linux-x86_64 0.12.1 20.89 199.67 220.56 OK
r-release-macos-arm64 0.12.1 89.00 OK
r-release-macos-x86_64 0.12.1 139.00 OK
r-release-windows-x86_64 0.12.1 24.00 231.00 255.00 OK
r-oldrel-macos-arm64 0.12.1 84.00 OK
r-oldrel-macos-x86_64 0.12.1 238.00 OK
r-oldrel-windows-x86_64 0.12.1 32.00 290.00 322.00 OK

Check Details

Version: 0.12.1
Check: data for non-ASCII characters
Result: NOTE Note: found 1 marked UTF-8 string Flavors: r-devel-linux-x86_64-fedora-clang, r-devel-linux-x86_64-fedora-gcc