CRAN Package Check Results for Package polySegratioMM

Last updated on 2019-08-19 05:46:31 CEST.

Flavor Version Tinstall Tcheck Ttotal Status Flags
r-devel-linux-x86_64-debian-clang 0.6-4 3.35 38.49 41.84 NOTE
r-devel-linux-x86_64-debian-gcc 0.6-4 3.31 30.51 33.82 NOTE
r-devel-linux-x86_64-fedora-clang 0.6-4 52.67 NOTE
r-devel-linux-x86_64-fedora-gcc 0.6-4 51.74 NOTE
r-devel-windows-ix86+x86_64 0.6-4 12.00 58.00 70.00 OK
r-patched-linux-x86_64 0.6-4 3.35 38.04 41.39 OK
r-patched-solaris-x86 0.6-4 80.10 OK
r-release-linux-x86_64 0.6-4 3.59 38.31 41.90 OK
r-release-windows-ix86+x86_64 0.6-4 7.00 51.00 58.00 OK
r-release-osx-x86_64 0.6-4 OK
r-oldrel-windows-ix86+x86_64 0.6-4 9.00 73.00 82.00 OK
r-oldrel-osx-x86_64 0.6-4 OK

Check Details

Version: 0.6-4
Check: for non-standard things in the check directory
Result: NOTE
    Found the following files/directories:
     'test-data.R' 'test-inits.R' 'test.bug' 'test.cmd'
Flavors: r-devel-linux-x86_64-debian-clang, r-devel-linux-x86_64-debian-gcc, r-devel-linux-x86_64-fedora-clang, r-devel-linux-x86_64-fedora-gcc