CRAN Package Check Results for Package polySegratioMM

Last updated on 2019-12-15 05:47:49 CET.

Flavor Version Tinstall Tcheck Ttotal Status Flags
r-devel-linux-x86_64-debian-clang 0.6-4 3.72 39.98 43.70 NOTE
r-devel-linux-x86_64-debian-gcc 0.6-4 3.40 31.87 35.27 NOTE
r-devel-linux-x86_64-fedora-clang 0.6-4 55.87 NOTE
r-devel-linux-x86_64-fedora-gcc 0.6-4 54.47 NOTE
r-devel-windows-ix86+x86_64 0.6-4 6.00 84.00 90.00 OK
r-devel-windows-ix86+x86_64-gcc8 0.6-4 8.00 84.00 92.00 OK
r-patched-linux-x86_64 0.6-4 3.14 38.09 41.23 OK
r-patched-solaris-x86 0.6-4 74.60 OK
r-release-linux-x86_64 0.6-4 3.49 38.08 41.57 OK
r-release-windows-ix86+x86_64 0.6-4 8.00 57.00 65.00 OK
r-release-osx-x86_64 0.6-4 OK
r-oldrel-windows-ix86+x86_64 0.6-4 5.00 56.00 61.00 OK
r-oldrel-osx-x86_64 0.6-4 OK

Check Details

Version: 0.6-4
Check: for non-standard things in the check directory
Result: NOTE
    Found the following files/directories:
     'test-data.R' 'test-inits.R' 'test.bug' 'test.cmd'
Flavors: r-devel-linux-x86_64-debian-clang, r-devel-linux-x86_64-debian-gcc, r-devel-linux-x86_64-fedora-clang, r-devel-linux-x86_64-fedora-gcc