CRAN Package Check Results for Package polyapost

Last updated on 2021-12-06 05:53:18 CET.

Flavor Version Tinstall Tcheck Ttotal Status Flags
r-devel-linux-x86_64-debian-clang 1.7 4.28 47.14 51.42 OK
r-devel-linux-x86_64-debian-gcc 1.7 3.26 37.48 40.74 OK
r-devel-linux-x86_64-fedora-clang 1.7 66.34 OK
r-devel-linux-x86_64-fedora-gcc 1.7 56.03 OK
r-devel-windows-x86_64-new-UL 1.7 13.00 100.00 113.00 OK
r-devel-windows-x86_64-new-TK 1.7 OK
r-devel-windows-x86_64-old 1.7 8.00 51.00 59.00 OK
r-patched-linux-x86_64 1.7 5.16 38.77 43.93 NOTE
r-release-linux-x86_64 1.7 3.71 46.95 50.66 NOTE
r-release-macos-arm64 1.7 OK
r-release-macos-x86_64 1.7 OK
r-release-windows-ix86+x86_64 1.7 14.00 71.00 85.00 OK
r-oldrel-macos-x86_64 1.7 OK
r-oldrel-windows-ix86+x86_64 1.7 14.00 70.00 84.00 OK

Check Details

Version: 1.7
Check: DESCRIPTION meta-information
Result: NOTE
    Dependence on R version ‘3.6.2’ not with patchlevel 0
Flavors: r-patched-linux-x86_64, r-release-linux-x86_64