CRAN Package Check Results for Package polymapR

Last updated on 2021-11-28 05:49:42 CET.

Flavor Version Tinstall Tcheck Ttotal Status Flags
r-devel-linux-x86_64-debian-clang 1.1.2 OK
r-devel-linux-x86_64-debian-gcc 1.1.2 331.55 834.76 1166.31 OK
r-devel-linux-x86_64-fedora-clang 1.1.2 2367.60 NOTE
r-devel-linux-x86_64-fedora-gcc 1.1.2 2482.18 OK
r-devel-windows-x86_64-new-UL 1.1.2 405.00 972.00 1377.00 NOTE
r-devel-windows-x86_64-new-TK 1.1.2 OK
r-devel-windows-x86_64-old 1.1.2 628.00 1079.00 1707.00 NOTE
r-patched-linux-x86_64 1.1.2 400.74 1161.97 1562.71 OK
r-patched-solaris-x86 1.1.2 2253.80 NOTE
r-release-linux-x86_64 1.1.2 408.78 1176.44 1585.22 OK
r-release-macos-arm64 1.1.2 NOTE
r-release-macos-x86_64 1.1.2 NOTE
r-release-windows-ix86+x86_64 1.1.2 818.00 747.00 1565.00 NOTE
r-oldrel-macos-x86_64 1.1.2 NOTE
r-oldrel-windows-ix86+x86_64 1.1.2 1013.00 1013.00 2026.00 NOTE

Check Details

Version: 1.1.2
Check: installed package size
Result: NOTE
     installed size is 12.1Mb
     sub-directories of 1Mb or more:
     R 6.5Mb
     data 4.6Mb
Flavors: r-devel-linux-x86_64-fedora-clang, r-devel-windows-x86_64-new-UL, r-devel-windows-x86_64-old, r-patched-solaris-x86, r-release-macos-arm64, r-release-macos-x86_64, r-release-windows-ix86+x86_64, r-oldrel-macos-x86_64, r-oldrel-windows-ix86+x86_64

Version: 1.1.2
Check: package dependencies
Result: NOTE
    Package suggested but not available for checking: ‘polyRAD’
Flavor: r-release-macos-arm64

Version: 1.1.2
Check: Rd cross-references
Result: NOTE
    Package unavailable to check Rd xrefs: ‘polyRAD’
Flavor: r-release-macos-arm64