CRAN Package Check Results for Package popkin

Last updated on 2021-12-07 05:55:13 CET.

Flavor Version Tinstall Tcheck Ttotal Status Flags
r-devel-linux-x86_64-debian-clang 1.3.13 26.39 52.48 78.87 OK
r-devel-linux-x86_64-debian-gcc 1.3.13 19.70 41.58 61.28 OK
r-devel-linux-x86_64-fedora-clang 1.3.13 107.55 OK
r-devel-linux-x86_64-fedora-gcc 1.3.13 91.80 OK
r-devel-windows-x86_64-new-UL 1.3.13 39.00 129.00 168.00 OK
r-devel-windows-x86_64-new-TK 1.3.13 OK
r-devel-windows-x86_64-old 1.3.13 36.00 68.00 104.00 OK
r-patched-linux-x86_64 1.3.13 21.34 51.01 72.35 OK
r-release-linux-x86_64 1.3.13 24.40 50.69 75.09 OK
r-release-macos-arm64 1.3.13 NOTE
r-release-macos-x86_64 1.3.13 NOTE
r-release-windows-ix86+x86_64 1.3.13 46.00 123.00 169.00 OK
r-oldrel-macos-x86_64 1.3.13 NOTE
r-oldrel-windows-ix86+x86_64 1.3.13 65.00 121.00 186.00 OK

Check Details

Version: 1.3.13
Check: package dependencies
Result: NOTE
    Package suggested but not available for checking: ‘lfa’
Flavors: r-release-macos-arm64, r-release-macos-x86_64, r-oldrel-macos-x86_64