CRAN Package Check Results for Package povcalnetR

Last updated on 2021-10-25 05:58:22 CEST.

Flavor Version Tinstall Tcheck Ttotal Status Flags
r-devel-linux-x86_64-debian-clang 0.1.1 2.73 32.53 35.26 OK
r-devel-linux-x86_64-debian-gcc 0.1.1 2.24 25.30 27.54 OK
r-devel-linux-x86_64-fedora-clang 0.1.1 53.38 NOTE
r-devel-linux-x86_64-fedora-gcc 0.1.1 43.45 NOTE
r-devel-windows-x86_64 0.1.1 6.00 45.00 51.00 OK
r-devel-windows-x86_64-gcc10-UCRT 0.1.1 NOTE
r-patched-linux-x86_64 0.1.1 2.92 33.27 36.19 OK
r-patched-solaris-x86 0.1.1 62.90 NOTE
r-release-linux-x86_64 0.1.1 2.73 33.10 35.83 OK
r-release-macos-arm64 0.1.1 NOTE
r-release-macos-x86_64 0.1.1 NOTE
r-release-windows-ix86+x86_64 0.1.1 5.00 62.00 67.00 OK
r-oldrel-macos-x86_64 0.1.1 NOTE
r-oldrel-windows-ix86+x86_64 0.1.1 7.00 55.00 62.00 OK

Check Details

Version: 0.1.1
Check: dependencies in R code
Result: NOTE
    Namespace in Imports field not imported from: ‘memoise’
     All declared Imports should be used.
Flavors: r-devel-linux-x86_64-fedora-clang, r-devel-linux-x86_64-fedora-gcc, r-devel-windows-x86_64-gcc10-UCRT, r-patched-solaris-x86, r-release-macos-arm64, r-release-macos-x86_64, r-oldrel-macos-x86_64