CRAN Package Check Results for Package powdR

Last updated on 2024-06-13 06:58:13 CEST.

Flavor Version Tinstall Tcheck Ttotal Status Flags
r-devel-linux-x86_64-debian-clang 1.3.0 11.99 271.07 283.06 OK
r-devel-linux-x86_64-debian-gcc 1.3.0 0.76 1.94 2.70 ERROR
r-devel-linux-x86_64-fedora-clang 1.3.0 343.08 OK
r-devel-linux-x86_64-fedora-gcc 1.3.0 344.02 OK
r-devel-windows-x86_64 1.3.0 11.00 192.00 203.00 OK
r-patched-linux-x86_64 1.3.0 12.95 255.09 268.04 OK
r-release-linux-x86_64 1.3.0 9.53 248.95 258.48 OK
r-release-macos-arm64 1.3.0 85.00 NOTE
r-release-macos-x86_64 1.3.0 137.00 OK
r-release-windows-x86_64 1.3.0 11.00 195.00 206.00 OK
r-oldrel-macos-arm64 1.3.0 97.00 OK
r-oldrel-macos-x86_64 1.3.0 155.00 OK
r-oldrel-windows-x86_64 1.3.0 15.00 226.00 241.00 OK

Check Details

Version: 1.3.0
Check: package dependencies
Result: ERROR Packages required but not available: 'plotly', 'ggplot2', 'ggpubr', 'tidyr', 'FactoMineR', 'factoextra' See section ‘The DESCRIPTION file’ in the ‘Writing R Extensions’ manual. Flavor: r-devel-linux-x86_64-debian-gcc

Version: 1.3.0
Check: installed package size
Result: NOTE installed size is 5.0Mb sub-directories of 1Mb or more: data 1.1Mb doc 3.0Mb Flavor: r-release-macos-arm64