CRAN Package Check Results for Package predictoR

Last updated on 2021-04-10 05:48:45 CEST.

Flavor Version Tinstall Tcheck Ttotal Status Flags
r-devel-linux-x86_64-debian-clang 1.1.7 2.49 20.53 23.02 NOTE
r-devel-linux-x86_64-debian-gcc 1.1.7 2.11 16.69 18.80 NOTE
r-devel-linux-x86_64-fedora-clang 1.1.7 35.67 NOTE
r-devel-linux-x86_64-fedora-gcc 1.1.7 24.77 NOTE
r-devel-windows-ix86+x86_64 1.1.7 7.00 28.00 35.00 NOTE
r-devel-windows-x86_64-gcc10-UCRT 1.1.7 NOTE
r-patched-linux-x86_64 1.1.7 2.47 20.40 22.87 OK
r-patched-solaris-x86 1.1.7 45.00 NOTE
r-release-linux-x86_64 1.1.7 OK
r-release-macos-x86_64 1.1.7 NOTE
r-release-windows-ix86+x86_64 1.1.7 8.00 36.00 44.00 OK
r-oldrel-macos-x86_64 1.1.7 NOTE
r-oldrel-windows-ix86+x86_64 1.1.7 4.00 26.00 30.00 OK

Check Details

Version: 1.1.7
Check: LazyData
Result: NOTE
     'LazyData' is specified without a 'data' directory
Flavors: r-devel-linux-x86_64-debian-clang, r-devel-linux-x86_64-debian-gcc, r-devel-linux-x86_64-fedora-clang, r-devel-linux-x86_64-fedora-gcc, r-devel-windows-ix86+x86_64, r-devel-windows-x86_64-gcc10-UCRT

Version: 1.1.7
Check: package dependencies
Result: NOTE
    Imports includes 22 non-default packages.
    Importing from so many packages makes the package vulnerable to any of
    them becoming unavailable. Move as many as possible to Suggests and
    use conditionally.
Flavor: r-devel-linux-x86_64-fedora-clang

Version: 1.1.7
Check: dependencies in R code
Result: NOTE
    Namespaces in Imports field not imported from:
     ‘DT’ ‘ROCR’ ‘ada’ ‘colourpicker’ ‘corrplot’ ‘e1071’ ‘flexdashboard’
     ‘glmnet’ ‘kknn’ ‘neuralnet’ ‘plyr’ ‘randomForest’ ‘rattle’ ‘rpart’
     ‘shinyAce’ ‘shinyWidgets’ ‘shinydashboardPlus’ ‘shinyjs’ ‘tidyverse’
     ‘xgboost’ ‘zip’
     All declared Imports should be used.
Flavors: r-devel-linux-x86_64-fedora-clang, r-devel-linux-x86_64-fedora-gcc, r-devel-windows-x86_64-gcc10-UCRT, r-patched-solaris-x86, r-release-macos-x86_64, r-oldrel-macos-x86_64