Last updated on 2023-01-31 06:01:13 CET.
Flavor | Version | Tinstall | Tcheck | Ttotal | Status | Flags |
---|---|---|---|---|---|---|
r-devel-linux-x86_64-debian-clang | 1.2.0 | 6.79 | 73.19 | 79.98 | OK | |
r-devel-linux-x86_64-debian-gcc | 1.2.0 | 6.24 | 51.35 | 57.59 | OK | |
r-devel-linux-x86_64-fedora-clang | 1.2.0 | 99.37 | NOTE | |||
r-devel-linux-x86_64-fedora-gcc | 1.2.0 | 95.20 | NOTE | |||
r-devel-windows-x86_64 | 1.2.0 | 30.00 | 107.00 | 137.00 | OK | |
r-patched-linux-x86_64 | 1.2.0 | 6.60 | 68.31 | 74.91 | OK | |
r-release-linux-x86_64 | 1.2.0 | 5.55 | 68.66 | 74.21 | OK | |
r-release-macos-arm64 | 1.2.0 | 33.00 | NOTE | |||
r-release-macos-x86_64 | 1.2.0 | 54.00 | NOTE | |||
r-release-windows-x86_64 | 1.2.0 | 34.00 | 113.00 | 147.00 | OK | |
r-oldrel-macos-arm64 | 1.2.0 | 35.00 | NOTE | |||
r-oldrel-macos-x86_64 | 1.2.0 | 48.00 | NOTE | |||
r-oldrel-windows-ix86+x86_64 | 1.2.0 | 18.00 | 103.00 | 121.00 | OK |
Version: 1.2.0
Check: dependencies in R code
Result: NOTE
Namespaces in Imports field not imported from:
‘tidyr’ ‘utils’
All declared Imports should be used.
Flavors: r-devel-linux-x86_64-fedora-clang, r-devel-linux-x86_64-fedora-gcc, r-release-macos-arm64, r-release-macos-x86_64, r-oldrel-macos-arm64, r-oldrel-macos-x86_64