CRAN Package Check Results for Package prioritylasso

Last updated on 2022-01-26 05:54:25 CET.

Flavor Version Tinstall Tcheck Ttotal Status Flags
r-devel-linux-x86_64-debian-clang 0.2.5 9.53 221.93 231.46 OK
r-devel-linux-x86_64-debian-gcc 0.2.5 7.42 165.11 172.53 OK
r-devel-linux-x86_64-fedora-clang 0.2.5 264.44 NOTE
r-devel-linux-x86_64-fedora-gcc 0.2.5 263.01 OK
r-devel-windows-x86_64-new-UL 0.2.5 37.00 237.00 274.00 OK
r-devel-windows-x86_64-new-TK 0.2.5 OK
r-patched-linux-x86_64 0.2.5 8.36 210.33 218.69 OK
r-release-linux-x86_64 0.2.5 7.48 207.05 214.53 OK
r-release-macos-arm64 0.2.5 OK
r-release-macos-x86_64 0.2.5 OK
r-release-windows-ix86+x86_64 0.2.5 20.00 246.00 266.00 OK
r-oldrel-macos-x86_64 0.2.5 OK
r-oldrel-windows-ix86+x86_64 0.2.5 19.00 251.00 270.00 OK

Check Details

Version: 0.2.5
Check: Rd cross-references
Result: NOTE
    Undeclared packages ‘ipflasso’, ‘mvtnorm’ in Rd xrefs
Flavor: r-devel-linux-x86_64-fedora-clang