CRAN Package Check Results for Package probhat

Last updated on 2019-12-11 05:47:27 CET.

Flavor Version Tinstall Tcheck Ttotal Status Flags
r-devel-linux-x86_64-debian-clang 0.2.0 4.92 62.99 67.91 OK
r-devel-linux-x86_64-debian-gcc 0.2.0 4.12 49.46 53.58 OK
r-devel-linux-x86_64-fedora-clang 0.2.0 84.23 OK
r-devel-linux-x86_64-fedora-gcc 0.2.0 79.91 OK
r-devel-windows-ix86+x86_64 0.2.0 15.00 69.00 84.00 OK
r-devel-windows-ix86+x86_64-gcc8 0.1.1 8.00 114.00 122.00 OK
r-patched-linux-x86_64 0.1.1 3.36 71.90 75.26 OK
r-patched-solaris-x86 0.2.0 84.00 OK
r-release-linux-x86_64 0.2.0 4.02 57.17 61.19 OK
r-release-windows-ix86+x86_64 0.1.1 6.00 70.00 76.00 OK
r-release-osx-x86_64 0.2.0 OK
r-oldrel-windows-ix86+x86_64 0.1.1 4.00 76.00 80.00 OK
r-oldrel-osx-x86_64 0.2.0 ERROR

Check Details

Version: 0.2.0
Check: whether package can be installed
Result: ERROR
    Installation failed.
Flavor: r-oldrel-osx-x86_64