CRAN Package Check Results for Package probhat

Last updated on 2020-07-15 05:48:16 CEST.

Flavor Version Tinstall Tcheck Ttotal Status Flags
r-devel-linux-x86_64-debian-clang 0.3.1 5.71 55.68 61.39 OK
r-devel-linux-x86_64-debian-gcc 0.3.1 5.14 42.15 47.29 OK
r-devel-linux-x86_64-fedora-clang 0.3.1 82.99 OK
r-devel-linux-x86_64-fedora-gcc 0.3.1 73.76 OK
r-devel-windows-ix86+x86_64 0.2.0 12.00 62.00 74.00 OK
r-patched-linux-x86_64 0.2.0 5.54 44.41 49.95 OK
r-patched-solaris-x86 0.3.1 93.20 OK
r-release-linux-x86_64 0.2.0 5.68 44.97 50.65 OK
r-release-macos-x86_64 0.2.0 ERROR
r-release-windows-ix86+x86_64 0.2.0 11.00 57.00 68.00 OK
r-oldrel-macos-x86_64 0.2.0 OK
r-oldrel-windows-ix86+x86_64 0.2.0 11.00 66.00 77.00 OK

Check Details

Version: 0.2.0
Check: whether package can be installed
Result: ERROR
    Installation failed.
Flavor: r-release-macos-x86_64