CRAN Package Check Results for Package processR

Last updated on 2022-01-27 05:56:02 CET.

Flavor Version Tinstall Tcheck Ttotal Status Flags
r-devel-linux-x86_64-debian-clang 0.2.6 32.23 251.77 284.00 OK
r-devel-linux-x86_64-debian-gcc 0.2.6 26.15 191.09 217.24 OK
r-devel-linux-x86_64-fedora-clang 0.2.6 362.71 OK
r-devel-linux-x86_64-fedora-gcc 0.2.6 345.91 OK
r-devel-windows-x86_64-new-UL 0.2.6 102.00 326.00 428.00 OK
r-devel-windows-x86_64-new-TK 0.2.6 ERROR
r-patched-linux-x86_64 0.2.6 30.72 231.67 262.39 OK
r-release-linux-x86_64 0.2.6 31.14 234.17 265.31 OK
r-release-macos-arm64 0.2.6 OK
r-release-macos-x86_64 0.2.6 OK
r-release-windows-ix86+x86_64 0.2.6 51.00 276.00 327.00 OK
r-oldrel-macos-x86_64 0.2.6 OK
r-oldrel-windows-ix86+x86_64 0.2.6 67.00 290.00 357.00 OK

Check Details

Version: 0.2.6
Check: package dependencies
Result: ERROR
    Package required but not available: 'rrtable'
    
    See section 'The DESCRIPTION file' in the 'Writing R Extensions'
    manual.
Flavor: r-devel-windows-x86_64-new-TK