CRAN Package Check Results for Package processanimateR

Last updated on 2021-12-07 05:55:14 CET.

Flavor Version Tinstall Tcheck Ttotal Status Flags
r-devel-linux-x86_64-debian-clang 1.0.4 9.63 118.56 128.19 OK
r-devel-linux-x86_64-debian-gcc 1.0.4 8.16 87.98 96.14 OK
r-devel-linux-x86_64-fedora-clang 1.0.4 152.37 NOTE
r-devel-linux-x86_64-fedora-gcc 1.0.4 139.13 OK
r-devel-windows-x86_64-new-UL 1.0.4 26.00 179.00 205.00 NOTE
r-devel-windows-x86_64-new-TK 1.0.4 OK
r-devel-windows-x86_64-old 1.0.4 33.00 108.00 141.00 NOTE
r-patched-linux-x86_64 1.0.4 15.69 116.11 131.80 OK
r-release-linux-x86_64 1.0.4 7.17 114.60 121.77 OK
r-release-macos-arm64 1.0.4 NOTE
r-release-macos-x86_64 1.0.4 NOTE
r-release-windows-ix86+x86_64 1.0.4 17.00 139.00 156.00 NOTE
r-oldrel-macos-x86_64 1.0.4 NOTE
r-oldrel-windows-ix86+x86_64 1.0.4 25.00 149.00 174.00 NOTE

Check Details

Version: 1.0.4
Check: installed package size
Result: NOTE
     installed size is 13.9Mb
     sub-directories of 1Mb or more:
     doc 11.1Mb
     htmlwidgets 2.6Mb
Flavors: r-devel-linux-x86_64-fedora-clang, r-devel-windows-x86_64-new-UL, r-devel-windows-x86_64-old, r-release-macos-arm64, r-release-macos-x86_64, r-release-windows-ix86+x86_64, r-oldrel-macos-x86_64, r-oldrel-windows-ix86+x86_64