CRAN Package Check Results for Package prodlim

Last updated on 2022-10-07 05:52:04 CEST.

Flavor Version Tinstall Tcheck Ttotal Status Flags
r-devel-linux-x86_64-debian-clang 2019.11.13 19.56 111.92 131.48 NOTE
r-devel-linux-x86_64-debian-gcc 2019.11.13 15.98 84.72 100.70 NOTE
r-devel-linux-x86_64-fedora-clang 2019.11.13 169.59 NOTE
r-devel-linux-x86_64-fedora-gcc 2019.11.13 165.80 NOTE
r-devel-windows-x86_64 2019.11.13 53.00 142.00 195.00 NOTE
r-patched-linux-x86_64 2019.11.13 20.98 107.21 128.19 OK
r-release-linux-x86_64 2019.11.13 17.57 106.03 123.60 OK
r-release-macos-arm64 2019.11.13 44.00 OK
r-release-macos-x86_64 2019.11.13 62.00 OK
r-release-windows-x86_64 2019.11.13 53.00 134.00 187.00 OK
r-oldrel-macos-arm64 2019.11.13 51.00 OK
r-oldrel-macos-x86_64 2019.11.13 76.00 OK
r-oldrel-windows-ix86+x86_64 2019.11.13 45.00 164.00 209.00 OK

Check Details

Version: 2019.11.13
Check: Rd files
Result: NOTE
    checkRd: (-1) prodlim.Rd:119: Escaped LaTeX specials: \&
Flavors: r-devel-linux-x86_64-debian-clang, r-devel-linux-x86_64-debian-gcc, r-devel-linux-x86_64-fedora-clang, r-devel-linux-x86_64-fedora-gcc, r-devel-windows-x86_64

Version: 2019.11.13
Check: compilation flags used
Result: NOTE
    Compilation used the following non-portable flag(s):
     ‘-Wstrict-prototypes’
Flavor: r-devel-linux-x86_64-debian-gcc