Last updated on 2023-01-31 06:01:13 CET.
Flavor | Version | Tinstall | Tcheck | Ttotal | Status | Flags |
---|---|---|---|---|---|---|
r-devel-linux-x86_64-debian-clang | 1.0-12 | 6.36 | 22.22 | 28.58 | OK | |
r-devel-linux-x86_64-debian-gcc | 1.0-12 | 4.08 | 17.53 | 21.61 | OK | |
r-devel-linux-x86_64-fedora-clang | 1.0-12 | 37.33 | OK | |||
r-devel-linux-x86_64-fedora-gcc | 1.0-12 | 35.72 | OK | |||
r-devel-windows-x86_64 | 1.0-12 | 33.00 | 151.00 | 184.00 | NOTE | |
r-patched-linux-x86_64 | 1.0-12 | 4.51 | 22.80 | 27.31 | OK | |
r-release-linux-x86_64 | 1.0-12 | 4.75 | 23.06 | 27.81 | OK | |
r-release-macos-arm64 | 1.0-12 | 22.00 | NOTE | |||
r-release-macos-x86_64 | 1.0-12 | 51.00 | NOTE | |||
r-release-windows-x86_64 | 1.0-12 | 16.00 | 143.00 | 159.00 | NOTE | |
r-oldrel-macos-arm64 | 1.0-12 | 24.00 | NOTE | |||
r-oldrel-macos-x86_64 | 1.0-12 | 59.00 | NOTE | |||
r-oldrel-windows-ix86+x86_64 | 1.0-12 | 9.00 | 50.00 | 59.00 | OK |
Version: 1.0-12
Check: installed package size
Result: NOTE
installed size is 14.0Mb
sub-directories of 1Mb or more:
libs 13.9Mb
Flavors: r-devel-windows-x86_64, r-release-macos-arm64, r-release-macos-x86_64, r-release-windows-x86_64, r-oldrel-macos-arm64, r-oldrel-macos-x86_64