CRAN Package Check Results for Package prophet

Last updated on 2019-08-19 05:46:32 CEST.

Flavor Version Tinstall Tcheck Ttotal Status Flags
r-devel-linux-x86_64-debian-clang 0.5 105.61 238.73 344.34 OK
r-devel-linux-x86_64-debian-gcc 0.5 111.43 183.21 294.64 OK
r-devel-linux-x86_64-fedora-clang 0.5 444.20 NOTE
r-devel-linux-x86_64-fedora-gcc 0.5 471.85 OK
r-devel-windows-ix86+x86_64 0.5 469.00 908.00 1377.00 OK
r-patched-linux-x86_64 0.5 113.57 230.21 343.78 OK
r-patched-solaris-x86 0.5 272.50 OK --no-tests
r-release-linux-x86_64 0.5 113.85 231.56 345.41 OK
r-release-windows-ix86+x86_64 0.5 331.00 902.00 1233.00 OK
r-release-osx-x86_64 0.5 ERROR
r-oldrel-windows-ix86+x86_64 0.5 349.00 1216.00 1565.00 OK
r-oldrel-osx-x86_64 0.5 ERROR

Check Details

Version: 0.5
Check: installed package size
Result: NOTE
     installed size is 8.6Mb
     sub-directories of 1Mb or more:
     libs 8.0Mb
Flavor: r-devel-linux-x86_64-fedora-clang

Version: 0.5
Check: tests
Result: ERROR
     Running ‘testthat.R’ [74s/74s]
    Running the tests in ‘tests/testthat.R’ failed.
    Last 13 lines of output:
     ^
     21 warnings generated.
     ══ testthat results ═══════════════════════════════════════════════════════════
     [ OK: 289 | SKIPPED: 1 | WARNINGS: 1 | FAILED: 8 ]
     1. Error: cross_validation (@test_diagnostics.R#20)
     2. Error: cross_validation_logistic (@test_diagnostics.R#46)
     3. Error: cross_validation_extra_regressors (@test_diagnostics.R#66)
     4. Error: cross_validation_default_value_check (@test_diagnostics.R#81)
     5. Error: performance_metrics (@test_diagnostics.R#91)
     6. Error: fit_predict_no_changepoints (@test_prophet.R#28)
     7. Error: fit_predict_changepoint_not_in_history (@test_prophet.R#42)
     8. Error: auto_weekly_seasonality (@test_prophet.R#415)
    
     Error: testthat unit tests failed
     Execution halted
Flavor: r-release-osx-x86_64

Version: 0.5
Check: tests
Result: ERROR
     Running ‘testthat.R’ [76s/76s]
    Running the tests in ‘tests/testthat.R’ failed.
    Last 13 lines of output:
     ^
     21 warnings generated.
     ══ testthat results ═══════════════════════════════════════════════════════════
     [ OK: 289 | SKIPPED: 1 | WARNINGS: 1 | FAILED: 8 ]
     1. Error: cross_validation (@test_diagnostics.R#20)
     2. Error: cross_validation_logistic (@test_diagnostics.R#46)
     3. Error: cross_validation_extra_regressors (@test_diagnostics.R#66)
     4. Error: cross_validation_default_value_check (@test_diagnostics.R#81)
     5. Error: performance_metrics (@test_diagnostics.R#91)
     6. Error: fit_predict_no_changepoints (@test_prophet.R#28)
     7. Error: fit_predict_changepoint_not_in_history (@test_prophet.R#42)
     8. Error: auto_weekly_seasonality (@test_prophet.R#415)
    
     Error: testthat unit tests failed
     Execution halted
Flavor: r-oldrel-osx-x86_64