CRAN Package Check Results for Package proteus

Last updated on 2024-06-13 06:58:13 CEST.

Flavor Version Tinstall Tcheck Ttotal Status Flags
r-devel-linux-x86_64-debian-clang 1.1.4 20.39 175.07 195.46 OK
r-devel-linux-x86_64-debian-gcc 1.1.4 0.35 1.78 2.13 ERROR
r-devel-linux-x86_64-fedora-clang 1.1.4 242.39 NOTE
r-devel-linux-x86_64-fedora-gcc 1.1.4 226.82 OK
r-devel-windows-x86_64 1.1.4 19.00 129.00 148.00 OK
r-patched-linux-x86_64 1.1.4 15.25 159.60 174.85 OK
r-release-linux-x86_64 1.1.4 14.77 160.76 175.53 OK
r-release-macos-arm64 1.1.4 65.00 OK
r-release-macos-x86_64 1.1.4 96.00 OK
r-release-windows-x86_64 1.1.4 20.00 130.00 150.00 OK
r-oldrel-macos-arm64 1.1.4 71.00 OK
r-oldrel-macos-x86_64 1.1.4 164.00 OK
r-oldrel-windows-x86_64 1.1.4 26.00 162.00 188.00 OK

Check Details

Version: 1.1.4
Check: package dependencies
Result: ERROR Packages required but not available: 'purrr', 'ggplot2', 'ggthemes', 'readr', 'stringr', 'lubridate', 'narray', 'imputeTS', 'dplyr', 'greybox', 'furrr' Package suggested but not available for checking: ‘testthat’ See section ‘The DESCRIPTION file’ in the ‘Writing R Extensions’ manual. Flavor: r-devel-linux-x86_64-debian-gcc

Version: 1.1.4
Check: package dependencies
Result: NOTE Imports includes 22 non-default packages. Importing from so many packages makes the package vulnerable to any of them becoming unavailable. Move as many as possible to Suggests and use conditionally. Flavor: r-devel-linux-x86_64-fedora-clang