CRAN Package Check Results for Package protolite

Last updated on 2019-10-21 05:47:09 CEST.

Flavor Version Tinstall Tcheck Ttotal Status Flags
r-devel-linux-x86_64-debian-clang 2.0 70.30 24.97 95.27 OK
r-devel-linux-x86_64-debian-gcc 2.0 49.23 20.48 69.71 OK
r-devel-linux-x86_64-fedora-clang 2.0 133.68 NOTE
r-devel-linux-x86_64-fedora-gcc 2.0 126.72 NOTE
r-devel-windows-ix86+x86_64 2.0 166.00 88.00 254.00 OK
r-patched-linux-x86_64 2.0 55.32 24.70 80.02 OK
r-patched-solaris-x86 2.0 116.80 NOTE
r-release-linux-x86_64 2.0 52.93 24.95 77.88 OK
r-release-windows-ix86+x86_64 2.0 227.00 66.00 293.00 OK
r-release-osx-x86_64 2.0 NOTE
r-oldrel-windows-ix86+x86_64 2.0 161.00 59.00 220.00 OK
r-oldrel-osx-x86_64 2.0 NOTE

Additional issues

gcc-UBSAN

Check Details

Version: 2.0
Check: top-level files
Result: NOTE
    ‘configure’: /bin/bash is not portable
Flavors: r-devel-linux-x86_64-fedora-clang, r-devel-linux-x86_64-fedora-gcc

Version: 2.0
Check: package dependencies
Result: NOTE
    Package suggested but not available for checking: ‘RProtoBuf’
Flavor: r-patched-solaris-x86

Version: 2.0
Check: Rd cross-references
Result: NOTE
    Package unavailable to check Rd xrefs: ‘RProtoBuf’
Flavor: r-patched-solaris-x86

Version: 2.0
Check: installed package size
Result: NOTE
     installed size is 5.8Mb
     sub-directories of 1Mb or more:
     libs 5.7Mb
Flavors: r-release-osx-x86_64, r-oldrel-osx-x86_64