CRAN Package Check Results for Package protolite

Last updated on 2020-05-30 05:48:13 CEST.

Flavor Version Tinstall Tcheck Ttotal Status Flags
r-devel-linux-x86_64-debian-clang 2.1 78.77 28.64 107.41 OK
r-devel-linux-x86_64-debian-gcc 2.1 57.72 22.93 80.65 OK
r-devel-linux-x86_64-fedora-clang 2.1 144.09 OK
r-devel-linux-x86_64-fedora-gcc 2.1 132.90 OK
r-devel-windows-ix86+x86_64 2.1 202.00 115.00 317.00 OK
r-patched-linux-x86_64 2.1 59.21 28.79 88.00 OK
r-patched-solaris-x86 2.1 124.30 NOTE
r-release-linux-x86_64 2.1 57.36 28.80 86.16 OK
r-release-osx-x86_64 2.1 NOTE
r-release-windows-ix86+x86_64 2.1 172.00 102.00 274.00 OK
r-oldrel-osx-x86_64 2.1 NOTE
r-oldrel-windows-ix86+x86_64 2.1 214.00 82.00 296.00 OK

Additional issues

gcc-UBSAN

Check Details

Version: 2.1
Check: package dependencies
Result: NOTE
    Package suggested but not available for checking: ‘RProtoBuf’
Flavor: r-patched-solaris-x86

Version: 2.1
Check: Rd cross-references
Result: NOTE
    Package unavailable to check Rd xrefs: ‘RProtoBuf’
Flavor: r-patched-solaris-x86

Version: 2.1
Check: installed package size
Result: NOTE
     installed size is 24.0Mb
     sub-directories of 1Mb or more:
     libs 23.9Mb
Flavors: r-release-osx-x86_64, r-oldrel-osx-x86_64