CRAN Package Check Results for Package protti

Last updated on 2021-09-25 05:49:47 CEST.

Flavor Version Tinstall Tcheck Ttotal Status Flags
r-devel-linux-x86_64-debian-clang 0.2.0 18.07 234.66 252.73 OK
r-devel-linux-x86_64-debian-gcc 0.2.0 15.15 167.45 182.60 OK
r-devel-linux-x86_64-fedora-clang 0.2.0 288.36 NOTE
r-devel-linux-x86_64-fedora-gcc 0.2.0 290.29 NOTE
r-devel-windows-x86_64 0.2.0 21.00 209.00 230.00 OK
r-devel-windows-x86_64-gcc10-UCRT 0.2.0 OK
r-patched-linux-x86_64 0.2.0 18.64 219.62 238.26 OK
r-patched-solaris-x86 0.2.0 351.90 NOTE
r-release-linux-x86_64 0.2.0 15.56 219.03 234.59 OK
r-release-macos-arm64 0.1.1 NOTE
r-release-macos-x86_64 0.2.0 NOTE
r-release-windows-ix86+x86_64 0.2.0 37.00 254.00 291.00 OK
r-oldrel-macos-x86_64 0.2.0 NOTE
r-oldrel-windows-ix86+x86_64 0.2.0 29.00 223.00 252.00 OK

Check Details

Version: 0.2.0
Check: package dependencies
Result: NOTE
    Packages suggested but not available for checking: 'proDA', 'STRINGdb'
Flavors: r-devel-linux-x86_64-fedora-clang, r-devel-linux-x86_64-fedora-gcc, r-patched-solaris-x86, r-release-macos-x86_64, r-oldrel-macos-x86_64

Version: 0.1.1
Check: package dependencies
Result: NOTE
    Package suggested but not available for checking: ‘proDA’
Flavor: r-release-macos-arm64