CRAN Package Check Results for Package psData

Last updated on 2019-10-23 05:46:37 CEST.

Flavor Version Tinstall Tcheck Ttotal Status Flags
r-devel-linux-x86_64-debian-clang 0.2.2 11.13 83.16 94.29 OK
r-devel-linux-x86_64-debian-gcc 0.2.2 8.89 63.75 72.64 OK
r-devel-linux-x86_64-fedora-clang 0.2.2 116.94 OK
r-devel-linux-x86_64-fedora-gcc 0.2.2 106.42 OK
r-devel-windows-ix86+x86_64 0.2.2 15.00 7.00 22.00 ERROR
r-patched-linux-x86_64 0.2.2 10.96 81.02 91.98 OK
r-patched-solaris-x86 0.2.2 130.30 OK
r-release-linux-x86_64 0.2.2 11.31 80.82 92.13 OK
r-release-windows-ix86+x86_64 0.2.2 32.00 77.00 109.00 OK
r-release-osx-x86_64 0.2.2 OK
r-oldrel-windows-ix86+x86_64 0.2.2 16.00 102.00 118.00 OK
r-oldrel-osx-x86_64 0.2.2 OK

Check Details

Version: 0.2.2
Check: whether package can be installed
Result: ERROR
    Installation failed.
Flavor: r-devel-windows-ix86+x86_64