CRAN Package Check Results for Package pspline.inference

Last updated on 2021-06-23 05:49:38 CEST.

Flavor Version Tinstall Tcheck Ttotal Status Flags
r-devel-linux-x86_64-debian-clang 1.0.4 10.65 172.27 182.92 NOTE
r-devel-linux-x86_64-debian-gcc 1.0.4 8.47 125.85 134.32 NOTE
r-devel-linux-x86_64-fedora-clang 1.0.4 213.63 NOTE
r-devel-linux-x86_64-fedora-gcc 1.0.4 205.84 NOTE
r-devel-windows-x86_64 1.0.4 15.00 170.00 185.00 NOTE
r-devel-windows-x86_64-gcc10-UCRT 1.0.4 WARN
r-patched-linux-x86_64 1.0.4 10.01 158.85 168.86 NOTE
r-patched-solaris-x86 1.0.4 504.60 NOTE
r-release-linux-x86_64 1.0.4 9.63 163.23 172.86 NOTE
r-release-macos-arm64 1.0.4 NOTE
r-release-macos-x86_64 1.0.4 NOTE
r-release-windows-ix86+x86_64 1.0.4 16.00 138.00 154.00 NOTE
r-oldrel-macos-x86_64 1.0.4 OK

Check Details

Version: 1.0.4
Check: LazyData
Result: NOTE
     'LazyData' is specified without a 'data' directory
Flavors: r-devel-linux-x86_64-debian-clang, r-devel-linux-x86_64-debian-gcc, r-devel-linux-x86_64-fedora-clang, r-devel-linux-x86_64-fedora-gcc, r-devel-windows-x86_64, r-devel-windows-x86_64-gcc10-UCRT, r-patched-linux-x86_64, r-patched-solaris-x86, r-release-linux-x86_64, r-release-macos-arm64, r-release-macos-x86_64, r-release-windows-ix86+x86_64

Version: 1.0.4
Check: package dependencies
Result: NOTE
    Package suggested but not available for checking: 'kableExtra'
Flavor: r-devel-windows-x86_64-gcc10-UCRT

Version: 1.0.4
Check: re-building of vignette outputs
Result: WARN
    Error(s) in re-building vignettes:
    --- re-building 'seasonal.Rmd' using rmarkdown
    Loading required package: nlme
    This is mgcv 1.8-36. For overview type 'help("mgcv-package")'.
    
    Attaching package: 'dplyr'
    
    The following object is masked from 'package:nlme':
    
     collapse
    
    The following objects are masked from 'package:stats':
    
     filter, lag
    
    The following objects are masked from 'package:base':
    
     intersect, setdiff, setequal, union
    
    Quitting from lines 22-38 (seasonal.Rmd)
    Error: processing vignette 'seasonal.Rmd' failed with diagnostics:
    there is no package called 'kableExtra'
    --- failed re-building 'seasonal.Rmd'
    
    SUMMARY: processing the following file failed:
     'seasonal.Rmd'
    
    Error: Vignette re-building failed.
    Execution halted
Flavor: r-devel-windows-x86_64-gcc10-UCRT