Last updated on 2021-01-16 05:47:15 CET.
Flavor | Version | Tinstall | Tcheck | Ttotal | Status | Flags |
---|---|---|---|---|---|---|
r-devel-linux-x86_64-debian-clang | 0.1.4 | 44.67 | 86.43 | 131.10 | OK | |
r-devel-linux-x86_64-debian-gcc | 0.1.4 | 34.94 | 53.82 | 88.76 | OK | |
r-devel-linux-x86_64-fedora-clang | 0.1.4 | 177.53 | NOTE | |||
r-devel-linux-x86_64-fedora-gcc | 0.1.4 | 157.38 | OK | |||
r-devel-windows-ix86+x86_64 | 0.1.4 | 80.00 | 141.00 | 221.00 | OK | |
r-patched-linux-x86_64 | 0.1.4 | 37.80 | 71.08 | 108.88 | OK | |
r-patched-solaris-x86 | 0.1.4 | 121.50 | OK | |||
r-release-linux-x86_64 | 0.1.4 | 42.02 | 70.88 | 112.90 | OK | |
r-release-macos-x86_64 | 0.1.4 | NOTE | ||||
r-release-windows-ix86+x86_64 | 0.1.4 | 88.00 | 149.00 | 237.00 | OK | |
r-oldrel-macos-x86_64 | 0.1.4 | NOTE | ||||
r-oldrel-windows-ix86+x86_64 | 0.1.4 | 99.00 | 159.00 | 258.00 | OK |
Version: 0.1.4
Check: installed package size
Result: NOTE
installed size is 7.1Mb
sub-directories of 1Mb or more:
libs 6.6Mb
Flavors: r-devel-linux-x86_64-fedora-clang, r-release-macos-x86_64, r-oldrel-macos-x86_64