CRAN Package Check Results for Package psyntur

Last updated on 2022-01-27 05:56:02 CET.

Flavor Version Tinstall Tcheck Ttotal Status Flags
r-devel-linux-x86_64-debian-clang 0.1.0 13.30 152.19 165.49 OK
r-devel-linux-x86_64-debian-gcc 0.1.0 11.34 109.77 121.11 OK
r-devel-linux-x86_64-fedora-clang 0.1.0 184.43 OK
r-devel-linux-x86_64-fedora-gcc 0.1.0 178.80 OK
r-devel-windows-x86_64-new-UL 0.1.0 56.00 184.00 240.00 OK
r-devel-windows-x86_64-new-TK 0.1.0 ERROR
r-patched-linux-x86_64 0.1.0 10.93 142.57 153.50 OK
r-release-linux-x86_64 0.1.0 8.84 136.97 145.81 OK
r-release-macos-arm64 0.1.0 OK
r-release-macos-x86_64 0.1.0 OK
r-release-windows-ix86+x86_64 0.1.0 30.00 168.00 198.00 OK
r-oldrel-macos-x86_64 0.1.0 OK
r-oldrel-windows-ix86+x86_64 0.1.0 29.00 169.00 198.00 OK

Check Details

Version: 0.1.0
Check: package dependencies
Result: ERROR
    Package required but not available: 'ez'
    
    See section 'The DESCRIPTION file' in the 'Writing R Extensions'
    manual.
Flavor: r-devel-windows-x86_64-new-TK