CRAN Package Check Results for Package ptmixed

Last updated on 2020-07-15 05:48:17 CEST.

Flavor Version Tinstall Tcheck Ttotal Status Flags
r-devel-linux-x86_64-debian-clang 0.5.4 3.44 335.15 338.59 OK
r-devel-linux-x86_64-debian-gcc 0.5.4 2.98 252.05 255.03 OK
r-devel-linux-x86_64-fedora-clang 0.5.4 389.34 NOTE
r-devel-linux-x86_64-fedora-gcc 0.5.4 408.26 NOTE
r-devel-windows-ix86+x86_64 0.5.4 17.00 342.00 359.00 OK
r-patched-linux-x86_64 0.5.4 4.32 333.46 337.78 OK
r-patched-solaris-x86 0.5.4 412.30 NOTE
r-release-linux-x86_64 0.5.4 3.99 333.17 337.16 OK
r-release-macos-x86_64 0.5.4 ERROR
r-release-windows-ix86+x86_64 0.5.4 13.00 322.00 335.00 OK
r-oldrel-macos-x86_64 0.5.4 ERROR
r-oldrel-windows-ix86+x86_64 0.5.4 8.00 385.00 393.00 OK

Check Details

Version: 0.5.4
Check: dependencies in R code
Result: NOTE
    Namespace in Imports field not imported from: ‘rstudioapi’
     All declared Imports should be used.
Flavors: r-devel-linux-x86_64-fedora-clang, r-devel-linux-x86_64-fedora-gcc, r-patched-solaris-x86

Version: 0.5.4
Check: package dependencies
Result: ERROR
    Package required but not available: ‘tweeDEseq’
    
    See section ‘The DESCRIPTION file’ in the ‘Writing R Extensions’
    manual.
Flavors: r-release-macos-x86_64, r-oldrel-macos-x86_64