CRAN Package Check Results for Package ptmixed

Last updated on 2019-12-10 05:48:24 CET.

Flavor Version Tinstall Tcheck Ttotal Status Flags
r-devel-linux-x86_64-debian-clang 0.4.1 4.04 57.45 61.49 OK
r-devel-linux-x86_64-debian-gcc 0.4.1 3.08 42.73 45.81 OK
r-devel-linux-x86_64-fedora-clang 0.4.1 68.27 OK
r-devel-linux-x86_64-fedora-gcc 0.4.1 66.14 OK
r-devel-windows-ix86+x86_64 0.4.1 8.00 83.00 91.00 OK
r-devel-windows-ix86+x86_64-gcc8 0.4.1 7.00 93.00 100.00 OK
r-patched-linux-x86_64 0.4.1 2.92 50.36 53.28 OK
r-patched-solaris-x86 0.4.1 81.30 OK
r-release-linux-x86_64 0.4.1 3.42 50.39 53.81 OK
r-release-windows-ix86+x86_64 0.4.1 5.00 58.00 63.00 OK
r-release-osx-x86_64 0.4.1 ERROR
r-oldrel-windows-ix86+x86_64 0.4.1 5.00 64.00 69.00 OK
r-oldrel-osx-x86_64 0.4.1 ERROR

Check Details

Version: 0.4.1
Check: package dependencies
Result: ERROR
    Package required but not available: ‘tweeDEseq’
    
    See section ‘The DESCRIPTION file’ in the ‘Writing R Extensions’
    manual.
Flavors: r-release-osx-x86_64, r-oldrel-osx-x86_64