CRAN Package Check Results for Package pulseTD

Last updated on 2019-08-21 05:47:00 CEST.

Flavor Version Tinstall Tcheck Ttotal Status Flags
r-devel-linux-x86_64-debian-clang 0.1.0 35.33 351.46 386.79 OK
r-devel-linux-x86_64-debian-gcc 0.1.0 34.19 277.26 311.45 OK
r-devel-linux-x86_64-fedora-clang 0.1.0 472.35 OK
r-devel-linux-x86_64-fedora-gcc 0.1.0 481.21 OK
r-devel-windows-ix86+x86_64 0.1.0 93.00 334.00 427.00 OK
r-patched-linux-x86_64 0.1.0 32.92 332.57 365.49 OK
r-patched-solaris-x86 0.1.0 624.90 OK
r-release-linux-x86_64 0.1.0 32.19 329.59 361.78 OK
r-release-windows-ix86+x86_64 0.1.0 67.00 311.00 378.00 OK
r-release-osx-x86_64 0.1.0 ERROR
r-oldrel-windows-ix86+x86_64 0.1.0 56.00 408.00 464.00 OK
r-oldrel-osx-x86_64 0.1.0 ERROR

Check Details

Version: 0.1.0
Check: package dependencies
Result: ERROR
    Packages required but not available:
     'AnnotationDbi', 'SummarizedExperiment', 'Rsamtools', 'Biobase',
     'S4Vectors', 'GenomicFeatures', 'GenomicAlignments'
    
    Package suggested but not available for checking: ‘TxDb.Hsapiens.UCSC.hg19.knownGene’
    
    See section ‘The DESCRIPTION file’ in the ‘Writing R Extensions’
    manual.
Flavor: r-release-osx-x86_64

Version: 0.1.0
Check: package dependencies
Result: ERROR
    Packages required but not available:
     ‘Rsamtools’ ‘GenomicFeatures’ ‘GenomicAlignments’
    
    Package suggested but not available for checking: ‘TxDb.Hsapiens.UCSC.hg19.knownGene’
    
    See section ‘The DESCRIPTION file’ in the ‘Writing R Extensions’
    manual.
Flavor: r-oldrel-osx-x86_64