Last updated on 2019-12-07 05:47:44 CET.
Flavor | Version | Tinstall | Tcheck | Ttotal | Status | Flags |
---|---|---|---|---|---|---|
r-devel-linux-x86_64-debian-clang | 0.1.0 | 38.58 | 388.30 | 426.88 | OK | |
r-devel-linux-x86_64-debian-gcc | 0.1.0 | 37.01 | 300.33 | 337.34 | OK | |
r-devel-linux-x86_64-fedora-clang | 0.1.0 | 522.70 | OK | |||
r-devel-linux-x86_64-fedora-gcc | 0.1.0 | 464.24 | OK | |||
r-devel-windows-ix86+x86_64 | 0.1.0 | 67.00 | 464.00 | 531.00 | OK | |
r-devel-windows-ix86+x86_64-gcc8 | 0.1.0 | 71.00 | 469.00 | 540.00 | OK | |
r-patched-linux-x86_64 | 0.1.0 | 35.07 | 343.37 | 378.44 | OK | |
r-patched-solaris-x86 | 0.1.0 | 683.40 | OK | |||
r-release-linux-x86_64 | 0.1.0 | 34.70 | 333.62 | 368.32 | OK | |
r-release-windows-ix86+x86_64 | 0.1.0 | 64.00 | 335.00 | 399.00 | OK | |
r-release-osx-x86_64 | 0.1.0 | ERROR | ||||
r-oldrel-windows-ix86+x86_64 | 0.1.0 | 45.00 | 317.00 | 362.00 | OK | |
r-oldrel-osx-x86_64 | 0.1.0 | ERROR |
Version: 0.1.0
Check: package dependencies
Result: NOTE
Package suggested but not available for checking: ‘TxDb.Hsapiens.UCSC.hg19.knownGene’
Flavor: r-release-osx-x86_64
Version: 0.1.0
Check: whether package can be installed
Result: ERROR
Installation failed.
Flavor: r-release-osx-x86_64
Version: 0.1.0
Check: package dependencies
Result: ERROR
Packages required but not available:
‘Rsamtools’ ‘GenomicFeatures’ ‘GenomicAlignments’
Package suggested but not available for checking: ‘TxDb.Hsapiens.UCSC.hg19.knownGene’
See section ‘The DESCRIPTION file’ in the ‘Writing R Extensions’
manual.
Flavor: r-oldrel-osx-x86_64