CRAN Package Check Results for Package puniform

Last updated on 2023-01-27 05:53:10 CET.

Flavor Version Tinstall Tcheck Ttotal Status Flags
r-devel-linux-x86_64-debian-clang 0.2.5 54.31 55.08 109.39 OK
r-devel-linux-x86_64-debian-gcc 0.2.5 43.66 41.66 85.32 NOTE
r-devel-linux-x86_64-fedora-clang 0.2.5 159.78 NOTE
r-devel-linux-x86_64-fedora-gcc 0.2.5 149.90 NOTE
r-patched-linux-x86_64 0.2.5 43.72 53.32 97.04 OK
r-release-linux-x86_64 0.2.5 46.29 52.56 98.85 OK
r-release-macos-arm64 0.2.5 34.00 OK
r-release-macos-x86_64 0.2.5 52.00 OK
r-release-windows-x86_64 0.2.5 169.00 100.00 269.00 OK
r-oldrel-macos-arm64 0.2.5 34.00 OK
r-oldrel-macos-x86_64 0.2.5 49.00 OK
r-oldrel-windows-ix86+x86_64 0.2.5 144.00 108.00 252.00 OK

Check Details

Version: 0.2.5
Check: C++ specification
Result: NOTE
     Specified C++11: please update to current default of C++17
Flavors: r-devel-linux-x86_64-debian-gcc, r-devel-linux-x86_64-fedora-clang, r-devel-linux-x86_64-fedora-gcc