CRAN Package Check Results for Package purrr

Last updated on 2019-11-20 05:47:17 CET.

Flavor Version Tinstall Tcheck Ttotal Status Flags
r-devel-linux-x86_64-debian-clang 0.3.3 6.31 47.84 54.15 OK
r-devel-linux-x86_64-debian-gcc 0.3.3 5.23 41.07 46.30 OK
r-devel-linux-x86_64-fedora-clang 0.3.3 65.47 OK
r-devel-linux-x86_64-fedora-gcc 0.3.3 67.05 OK
r-devel-windows-ix86+x86_64 0.3.3 3.00 6.00 9.00 ERROR
r-devel-windows-ix86+x86_64-gcc8 0.3.3 26.00 92.00 118.00 OK
r-patched-linux-x86_64 0.3.3 5.50 46.22 51.72 OK
r-patched-solaris-x86 0.3.3 110.70 OK
r-release-linux-x86_64 0.3.3 4.76 46.13 50.89 OK
r-release-windows-ix86+x86_64 0.3.3 21.00 114.00 135.00 OK
r-release-osx-x86_64 0.3.3 OK
r-oldrel-windows-ix86+x86_64 0.3.3 32.00 129.00 161.00 OK
r-oldrel-osx-x86_64 0.3.3 OK

Check Details

Version: 0.3.3
Check: whether package can be installed
Result: ERROR
    Installation failed.
Flavor: r-devel-windows-ix86+x86_64