Last updated on 2023-12-11 05:52:03 CET.
Flavor | Version | Tinstall | Tcheck | Ttotal | Status | Flags |
---|---|---|---|---|---|---|
r-devel-linux-x86_64-debian-clang | 0.16.2 | 7.58 | 54.29 | 61.87 | NOTE | |
r-devel-linux-x86_64-debian-gcc | 0.16.2 | 5.84 | 40.00 | 45.84 | NOTE | |
r-devel-linux-x86_64-fedora-clang | 0.16.2 | 75.07 | NOTE | |||
r-devel-linux-x86_64-fedora-gcc | 0.16.2 | 82.15 | NOTE | |||
r-devel-windows-x86_64 | 0.16.2 | 7.00 | 76.00 | 83.00 | NOTE | |
r-patched-linux-x86_64 | 0.16.2 | 9.12 | 52.04 | 61.16 | OK | |
r-release-linux-x86_64 | 0.16.2 | 6.14 | 51.94 | 58.08 | OK | |
r-release-macos-arm64 | 0.16.2 | 45.00 | OK | |||
r-release-macos-x86_64 | 0.16.2 | 61.00 | OK | |||
r-release-windows-x86_64 | 0.16.2 | 9.00 | 82.00 | 91.00 | OK | |
r-oldrel-macos-arm64 | 0.16.2 | 40.00 | OK | |||
r-oldrel-macos-x86_64 | 0.16.2 | 47.00 | OK | |||
r-oldrel-windows-x86_64 | 0.16.2 | 9.00 | 68.00 | 77.00 | OK |
Version: 0.16.2
Check: Rd \usage sections
Result: NOTE
Documented arguments not in \usage in Rd file 'http_was_redirected.Rd':
‘response’
Documented arguments not in \usage in Rd file 'permutations.Rd':
‘nset’
Documented arguments not in \usage in Rd file 'pxweb_split_query.Rd':
‘pxweb_metadata’
Documented arguments not in \usage in Rd file 'split_dimensions_left_right.Rd':
‘pxq’
Documented arguments not in \usage in Rd file 'str_pad.Rd':
‘x’
Functions with \usage entries need to have the appropriate \alias
entries, and all their arguments documented.
The \usage entries must correspond to syntactically valid R code.
See chapter ‘Writing R documentation files’ in the ‘Writing R
Extensions’ manual.
Flavors: r-devel-linux-x86_64-debian-clang, r-devel-linux-x86_64-debian-gcc, r-devel-linux-x86_64-fedora-clang, r-devel-linux-x86_64-fedora-gcc, r-devel-windows-x86_64