CRAN Package Check Results for Package qcapower

Last updated on 2024-06-21 06:58:21 CEST.

Flavor Version Tinstall Tcheck Ttotal Status Flags
r-devel-linux-x86_64-debian-clang 0.1.0 6.99 67.23 74.22 OK
r-devel-linux-x86_64-debian-gcc 0.1.0 5.29 49.29 54.58 OK
r-devel-linux-x86_64-fedora-clang 0.1.0 92.48 NOTE
r-devel-linux-x86_64-fedora-gcc 0.1.0 99.15 NOTE
r-devel-windows-x86_64 0.1.0 7.00 67.00 74.00 OK
r-patched-linux-x86_64 0.1.0 4.37 61.44 65.81 OK
r-release-linux-x86_64 0.1.0 4.24 63.76 68.00 OK
r-release-macos-arm64 0.1.0 35.00 OK
r-release-macos-x86_64 0.1.0 52.00 OK
r-release-windows-x86_64 0.1.0 7.00 69.00 76.00 OK
r-oldrel-macos-arm64 0.1.0 34.00 OK
r-oldrel-macos-x86_64 0.1.0 59.00 OK
r-oldrel-windows-x86_64 0.1.0 8.00 76.00 84.00 OK

Check Details

Version: 0.1.0
Check: dependencies in R code
Result: NOTE Namespace in Imports field not imported from: ‘devtools’ All declared Imports should be used. Flavors: r-devel-linux-x86_64-fedora-clang, r-devel-linux-x86_64-fedora-gcc