CRAN Package Check Results for Package qgcomp

Last updated on 2024-06-24 06:49:19 CEST.

Flavor Version Tinstall Tcheck Ttotal Status Flags
r-devel-linux-x86_64-debian-clang 2.15.2 19.92 302.43 322.35 NOTE
r-devel-linux-x86_64-debian-gcc 2.15.2 14.85 224.60 239.45 NOTE
r-devel-linux-x86_64-fedora-clang 2.15.2 396.45 NOTE
r-devel-linux-x86_64-fedora-gcc 2.15.2 401.79 NOTE
r-devel-windows-x86_64 2.15.2 18.00 254.00 272.00 NOTE
r-patched-linux-x86_64 2.15.2 17.43 296.97 314.40 NOTE
r-release-linux-x86_64 2.15.2 19.57 292.11 311.68 NOTE
r-release-macos-arm64 2.15.2 126.00 NOTE
r-release-macos-x86_64 2.15.2 215.00 NOTE
r-release-windows-x86_64 2.15.2 15.00 255.00 270.00 NOTE
r-oldrel-macos-arm64 2.15.2 130.00 OK
r-oldrel-macos-x86_64 2.15.2 305.00 OK
r-oldrel-windows-x86_64 2.15.2 23.00 329.00 352.00 OK

Check Details

Version: 2.15.2
Check: Rd files
Result: NOTE checkRd: (-1) qgcomp.survcurve.boot.Rd:17-19: Lost braces in \itemize; \value handles \item{}{} directly checkRd: (-1) qgcomp.survcurve.boot.Rd:20-21: Lost braces in \itemize; \value handles \item{}{} directly checkRd: (-1) qgcomp.survcurve.boot.Rd:22-23: Lost braces in \itemize; \value handles \item{}{} directly checkRd: (-1) qgcomp.survcurve.boot.Rd:24-25: Lost braces in \itemize; \value handles \item{}{} directly Flavors: r-devel-linux-x86_64-debian-clang, r-devel-linux-x86_64-debian-gcc, r-devel-linux-x86_64-fedora-clang, r-devel-linux-x86_64-fedora-gcc, r-devel-windows-x86_64, r-patched-linux-x86_64, r-release-linux-x86_64, r-release-macos-arm64, r-release-macos-x86_64, r-release-windows-x86_64