CRAN Package Check Results for Package qpcR

Last updated on 2019-09-21 05:48:02 CEST.

Flavor Version Tinstall Tcheck Ttotal Status Flags
r-devel-linux-x86_64-debian-clang 1.4-1 15.10 126.68 141.78 OK
r-devel-linux-x86_64-debian-gcc 1.4-1 13.96 96.53 110.49 OK
r-devel-linux-x86_64-fedora-clang 1.4-1 168.66 NOTE
r-devel-linux-x86_64-fedora-gcc 1.4-1 173.09 OK
r-devel-windows-ix86+x86_64 1.4-1 45.00 198.00 243.00 OK
r-patched-linux-x86_64 1.4-1 14.46 122.67 137.13 OK
r-patched-solaris-x86 1.4-1 238.20 NOTE
r-release-linux-x86_64 1.4-1 14.22 126.62 140.84 OK
r-release-windows-ix86+x86_64 1.4-1 31.00 201.00 232.00 OK
r-release-osx-x86_64 1.4-1 WARN
r-oldrel-windows-ix86+x86_64 1.4-1 24.00 198.00 222.00 OK
r-oldrel-osx-x86_64 1.4-1 WARN

Check Details

Version: 1.4-1
Check: installed package size
Result: NOTE
     installed size is 5.0Mb
     sub-directories of 1Mb or more:
     data 3.7Mb
Flavors: r-devel-linux-x86_64-fedora-clang, r-patched-solaris-x86, r-release-osx-x86_64

Version: 1.4-1
Check: whether package can be installed
Result: WARN
    Found the following significant warnings:
     Warning: 'rgl_init' failed, running with rgl.useNULL = TRUE
Flavors: r-release-osx-x86_64, r-oldrel-osx-x86_64