CRAN Package Check Results for Package qpcR

Last updated on 2019-06-26 06:47:38 CEST.

Flavor Version Tinstall Tcheck Ttotal Status Flags
r-devel-linux-x86_64-debian-clang 1.4-1 15.24 128.12 143.36 OK
r-devel-linux-x86_64-debian-gcc 1.4-1 12.77 98.66 111.43 OK
r-devel-linux-x86_64-fedora-clang 1.4-1 169.63 NOTE
r-devel-linux-x86_64-fedora-gcc 1.4-1 163.38 OK
r-devel-windows-ix86+x86_64 1.4-1 59.00 209.00 268.00 OK
r-patched-linux-x86_64 1.4-1 17.45 124.80 142.25 OK
r-patched-solaris-x86 1.4-1 247.30 NOTE
r-release-linux-x86_64 1.4-1 15.96 124.79 140.75 OK
r-release-windows-ix86+x86_64 1.4-1 35.00 276.00 311.00 OK
r-release-osx-x86_64 1.4-1 WARN
r-oldrel-windows-ix86+x86_64 1.4-1 25.00 179.00 204.00 OK
r-oldrel-osx-x86_64 1.4-1 WARN

Check Details

Version: 1.4-1
Check: installed package size
Result: NOTE
     installed size is 5.0Mb
     sub-directories of 1Mb or more:
     data 3.7Mb
Flavors: r-devel-linux-x86_64-fedora-clang, r-patched-solaris-x86, r-release-osx-x86_64

Version: 1.4-1
Check: whether package can be installed
Result: WARN
    Found the following significant warnings:
     Warning: 'rgl_init' failed, running with rgl.useNULL = TRUE
Flavors: r-release-osx-x86_64, r-oldrel-osx-x86_64