CRAN Package Check Results for Package qqplotr

Last updated on 2019-08-23 05:47:03 CEST.

Flavor Version Tinstall Tcheck Ttotal Status Flags
r-devel-linux-x86_64-debian-clang 0.0.3 4.76 55.20 59.96 OK
r-devel-linux-x86_64-debian-gcc 0.0.3 4.72 43.65 48.37 OK
r-devel-linux-x86_64-fedora-clang 0.0.3 73.20 NOTE
r-devel-linux-x86_64-fedora-gcc 0.0.3 71.37 NOTE
r-devel-windows-ix86+x86_64 0.0.3 25.00 177.00 202.00 OK
r-patched-linux-x86_64 0.0.3 5.43 54.08 59.51 OK
r-patched-solaris-x86 0.0.3 104.90 NOTE
r-release-linux-x86_64 0.0.3 5.42 53.79 59.21 OK
r-release-windows-ix86+x86_64 0.0.3 20.00 88.00 108.00 OK
r-release-osx-x86_64 0.0.3 NOTE
r-oldrel-windows-ix86+x86_64 0.0.3 13.00 96.00 109.00 OK
r-oldrel-osx-x86_64 0.0.3 NOTE

Check Details

Version: 0.0.3
Check: dependencies in R code
Result: NOTE
    Namespaces in Imports field not imported from:
     ‘knitr’ ‘purrr’ ‘rmarkdown’
     All declared Imports should be used.
Flavors: r-devel-linux-x86_64-fedora-clang, r-devel-linux-x86_64-fedora-gcc, r-patched-solaris-x86, r-release-osx-x86_64, r-oldrel-osx-x86_64