CRAN Package Check Results for Package qqplotr

Last updated on 2020-01-20 05:47:24 CET.

Flavor Version Tinstall Tcheck Ttotal Status Flags
r-devel-linux-x86_64-debian-clang 0.0.3 6.23 62.32 68.55 OK
r-devel-linux-x86_64-debian-gcc 0.0.3 5.48 46.92 52.40 OK
r-devel-linux-x86_64-fedora-clang 0.0.3 81.10 NOTE
r-devel-linux-x86_64-fedora-gcc 0.0.3 77.71 NOTE
r-devel-windows-ix86+x86_64 0.0.3 24.00 111.00 135.00 OK
r-devel-windows-ix86+x86_64-gcc8 0.0.3 17.00 109.00 126.00 OK
r-patched-linux-x86_64 0.0.3 5.89 52.94 58.83 OK
r-patched-solaris-x86 0.0.3 104.00 NOTE
r-release-linux-x86_64 0.0.3 5.28 53.30 58.58 OK
r-release-windows-ix86+x86_64 0.0.3 22.00 79.00 101.00 OK
r-release-osx-x86_64 0.0.3 NOTE
r-oldrel-windows-ix86+x86_64 0.0.3 8.00 67.00 75.00 OK
r-oldrel-osx-x86_64 0.0.3 NOTE

Check Details

Version: 0.0.3
Check: dependencies in R code
Result: NOTE
    Namespaces in Imports field not imported from:
     ‘knitr’ ‘purrr’ ‘rmarkdown’
     All declared Imports should be used.
Flavors: r-devel-linux-x86_64-fedora-clang, r-devel-linux-x86_64-fedora-gcc, r-patched-solaris-x86, r-release-osx-x86_64, r-oldrel-osx-x86_64