CRAN Package Check Results for Package qtl

Last updated on 2021-02-27 06:47:04 CET.

Flavor Version Tinstall Tcheck Ttotal Status Flags
r-devel-linux-x86_64-debian-clang 1.47-9 83.25 380.85 464.10 OK
r-devel-linux-x86_64-debian-gcc 1.47-9 63.96 280.03 343.99 OK
r-devel-linux-x86_64-fedora-clang 1.47-9 571.44 NOTE
r-devel-linux-x86_64-fedora-gcc 1.47-9 553.01 OK
r-devel-windows-ix86+x86_64 1.47-9 140.00 462.00 602.00 NOTE
r-patched-linux-x86_64 1.47-9 71.54 354.11 425.65 OK
r-patched-solaris-x86 1.47-9 701.90 NOTE
r-release-linux-x86_64 1.47-9 81.40 355.79 437.19 OK
r-release-macos-x86_64 1.47-9 NOTE
r-release-windows-ix86+x86_64 1.47-9 147.00 442.00 589.00 NOTE
r-oldrel-macos-x86_64 1.47-9 WARN
r-oldrel-windows-ix86+x86_64 1.47-9 130.00 584.00 714.00 WARN

Check Details

Version: 1.47-9
Check: installed package size
Result: NOTE
     installed size is 11.6Mb
     sub-directories of 1Mb or more:
     R 1.7Mb
     contrib 3.8Mb
     doc 3.0Mb
     libs 1.6Mb
Flavors: r-devel-linux-x86_64-fedora-clang, r-devel-windows-ix86+x86_64, r-patched-solaris-x86, r-release-macos-x86_64, r-release-windows-ix86+x86_64, r-oldrel-macos-x86_64, r-oldrel-windows-ix86+x86_64

Version: 1.47-9
Check: R code for possible problems
Result: NOTE
    drawcirculargenome: no visible global function definition for ‘plot’
    effectplot: no visible global function definition for ‘plot’
    mqmplot.circle: no visible global function definition for ‘plot’
    mqmplot.cistrans: no visible global function definition for ‘plot’
    mqmplot.cofactors: no visible global function definition for ‘plot’
    mqmplot.directedqtl: no visible global function definition for ‘plot’
    mqmplot.multitrait: no visible global function definition for ‘plot’
    mqmplot.singletrait: no visible global function definition for ‘plot’
    plot.map: no visible global function definition for ‘plot’
    plot.rfmatrix: no visible global function definition for ‘plot’
    plot.scanone: no visible global function definition for ‘plot’
    plotGeno: no visible global function definition for ‘plot’
    plotMap: no visible global function definition for ‘plot’
    plotModel: no visible global function definition for ‘plot’
    plotPXG: no visible global function definition for ‘plot’
    Undefined global functions or variables:
     plot
    Consider adding
     importFrom("graphics", "plot")
    to your NAMESPACE file.
Flavors: r-oldrel-macos-x86_64, r-oldrel-windows-ix86+x86_64

Version: 1.47-9
Check: Rd cross-references
Result: WARN
    Missing link or links in documentation object 'effectscan.Rd':
     ‘[base]{plot}’
    
    Missing link or links in documentation object 'mqmplotmultitrait.Rd':
     ‘[base]{plot}’
    
    Missing link or links in documentation object 'plot.map.Rd':
     ‘[base]{plot}’
    
    Missing link or links in documentation object 'plot.pxg.Rd':
     ‘[base]{plot}’
    
    Missing link or links in documentation object 'plot.scanone.Rd':
     ‘[base]{plot}’
    
    Missing link or links in documentation object 'plotLodProfile.Rd':
     ‘[base]{plot}’
    
    Missing link or links in documentation object 'plotModel.Rd':
     ‘[base]{plot}’
    
    See section 'Cross-references' in the 'Writing R Extensions' manual.
Flavors: r-oldrel-macos-x86_64, r-oldrel-windows-ix86+x86_64